Last updated on 2024-04-25 20:48:26 CEST.
Flavor | Version | Tinstall | Tcheck | Ttotal | Status | Flags |
---|---|---|---|---|---|---|
r-devel-linux-x86_64-debian-clang | 1.1.2 | 9.69 | 55.51 | 65.20 | OK | |
r-devel-linux-x86_64-debian-gcc | 1.1.2 | 10.19 | 42.67 | 52.86 | OK | |
r-devel-linux-x86_64-fedora-clang | 1.1.2 | 81.14 | NOTE | |||
r-devel-linux-x86_64-fedora-gcc | 1.1.2 | 78.68 | NOTE | |||
r-devel-windows-x86_64 | 1.1.2 | 13.00 | 66.00 | 79.00 | NOTE | |
r-patched-linux-x86_64 | 1.1.2 | 8.75 | 53.66 | 62.41 | OK | |
r-release-linux-x86_64 | 1.1.2 | 8.38 | 53.51 | 61.89 | OK | |
r-release-macos-arm64 | 1.1.2 | 33.00 | NOTE | |||
r-release-windows-x86_64 | 1.1.2 | 10.00 | 65.00 | 75.00 | NOTE | |
r-oldrel-macos-arm64 | 1.1.2 | 46.00 | NOTE | |||
r-oldrel-macos-x86_64 | 1.1.2 | 74.00 | NOTE | |||
r-oldrel-windows-x86_64 | 1.1.2 | 15.00 | 69.00 | 84.00 | NOTE |
Version: 1.1.2
Check: installed package size
Result: NOTE
installed size is 5.3Mb
sub-directories of 1Mb or more:
data 5.1Mb
Flavors: r-devel-linux-x86_64-fedora-clang, r-devel-windows-x86_64, r-release-macos-arm64, r-release-windows-x86_64, r-oldrel-macos-arm64, r-oldrel-macos-x86_64, r-oldrel-windows-x86_64
Version: 1.1.2
Check: dependencies in R code
Result: NOTE
Namespace in Imports field not imported from: ‘curl’
All declared Imports should be used.
Flavors: r-devel-linux-x86_64-fedora-clang, r-devel-linux-x86_64-fedora-gcc
Version: 1.1.2
Check: data for non-ASCII characters
Result: NOTE
Note: found 87 marked UTF-8 strings
Flavors: r-devel-linux-x86_64-fedora-clang, r-devel-linux-x86_64-fedora-gcc