Last updated on 2023-06-05 20:57:41 CEST.
Flavor | Version | Tinstall | Tcheck | Ttotal | Status | Flags |
---|---|---|---|---|---|---|
r-devel-linux-x86_64-debian-clang | 1.1.4 | 363.73 | 307.66 | 671.39 | NOTE | |
r-devel-linux-x86_64-debian-gcc | 1.1.4 | 205.69 | 240.09 | 445.78 | NOTE | |
r-devel-linux-x86_64-fedora-clang | 1.1.4 | 741.11 | NOTE | |||
r-devel-linux-x86_64-fedora-gcc | 1.1.4 | 760.76 | NOTE | |||
r-devel-windows-x86_64 | 1.1.4 | 173.00 | 272.00 | 445.00 | NOTE | |
r-patched-linux-x86_64 | 1.1.4 | 152.95 | 303.85 | 456.80 | NOTE | |
r-release-linux-x86_64 | 1.1.4 | 0.02 | 2.95 | 2.97 | ERROR | |
r-release-macos-arm64 | 1.1.4 | 204.00 | NOTE | |||
r-release-macos-x86_64 | 1.1.4 | 333.00 | NOTE | |||
r-release-windows-x86_64 | 1.1.4 | 229.00 | 342.00 | 571.00 | NOTE | |
r-oldrel-macos-arm64 | 1.1.4 | 172.00 | NOTE | |||
r-oldrel-macos-x86_64 | 1.1.4 | 272.00 | NOTE | |||
r-oldrel-windows-x86_64 | 1.1.4 | 210.00 | 320.00 | 530.00 | NOTE |
Version: 1.1.4
Check: for GNU extensions in Makefiles
Result: NOTE
GNU make is a SystemRequirements.
Flavors: r-devel-linux-x86_64-debian-clang, r-devel-linux-x86_64-debian-gcc, r-devel-linux-x86_64-fedora-clang, r-devel-linux-x86_64-fedora-gcc, r-devel-windows-x86_64, r-patched-linux-x86_64, r-release-macos-arm64, r-release-macos-x86_64, r-release-windows-x86_64, r-oldrel-macos-arm64, r-oldrel-macos-x86_64, r-oldrel-windows-x86_64
Version: 1.1.4
Check: installed package size
Result: NOTE
installed size is 8.9Mb
sub-directories of 1Mb or more:
data 1.9Mb
doc 2.3Mb
libs 3.7Mb
Flavors: r-devel-linux-x86_64-fedora-clang, r-devel-windows-x86_64, r-release-macos-arm64, r-release-macos-x86_64, r-release-windows-x86_64, r-oldrel-macos-arm64, r-oldrel-macos-x86_64, r-oldrel-windows-x86_64
Version: 1.1.4
Check: dependencies in R code
Result: NOTE
Namespace in Imports field not imported from: ‘rstantools’
All declared Imports should be used.
Flavors: r-devel-linux-x86_64-fedora-clang, r-devel-linux-x86_64-fedora-gcc
Version: 1.1.4
Check: whether package can be installed
Result: ERROR
Installation failed.
Flavor: r-release-linux-x86_64