Last updated on 2024-04-26 08:55:00 CEST.
Flavor | Version | Tinstall | Tcheck | Ttotal | Status | Flags |
---|---|---|---|---|---|---|
r-devel-linux-x86_64-debian-clang | 0.1.0 | 41.78 | 97.84 | 139.62 | OK | |
r-devel-linux-x86_64-debian-gcc | 0.1.0 | 34.23 | 73.41 | 107.64 | OK | |
r-devel-linux-x86_64-fedora-clang | 0.1.0 | 192.47 | NOTE | |||
r-devel-linux-x86_64-fedora-gcc | 0.1.0 | 195.77 | NOTE | |||
r-devel-windows-x86_64 | 0.1.0 | 37.00 | 116.00 | 153.00 | OK | |
r-patched-linux-x86_64 | 0.1.0 | 47.44 | 93.60 | 141.04 | OK | |
r-release-linux-x86_64 | 0.1.0 | 43.18 | 93.92 | 137.10 | OK | |
r-release-macos-arm64 | 0.1.0 | 55.00 | OK | |||
r-release-windows-x86_64 | 0.1.0 | 37.00 | 76730.00 | 76767.00 | OK | |
r-oldrel-macos-arm64 | 0.1.0 | 59.00 | OK | |||
r-oldrel-macos-x86_64 | 0.1.0 | 96.00 | OK | |||
r-oldrel-windows-x86_64 | 0.1.0 | 45.00 | 137.00 | 182.00 | OK |
Version: 0.1.0
Check: dependencies in R code
Result: NOTE
Namespace in Imports field not imported from: ‘Rcpp’
All declared Imports should be used.
Flavors: r-devel-linux-x86_64-fedora-clang, r-devel-linux-x86_64-fedora-gcc