Last updated on 2024-04-24 07:57:42 CEST.
Flavor | Version | Tinstall | Tcheck | Ttotal | Status | Flags |
---|---|---|---|---|---|---|
r-devel-linux-x86_64-debian-clang | 0.2.0 | 29.32 | 204.33 | 233.65 | NOTE | |
r-devel-linux-x86_64-debian-gcc | 0.2.0 | 26.08 | 145.91 | 171.99 | NOTE | |
r-devel-linux-x86_64-fedora-clang | 0.2.0 | 294.68 | NOTE | |||
r-devel-linux-x86_64-fedora-gcc | 0.2.0 | 280.99 | NOTE | |||
r-prerel-macos-arm64 | 0.2.0 | 76.00 | NOTE | |||
r-prerel-windows-x86_64 | 0.2.0 | 29.00 | 153.00 | 182.00 | NOTE | |
r-patched-linux-x86_64 | 0.2.0 | 31.68 | 193.10 | 224.78 | NOTE | |
r-release-linux-x86_64 | 0.2.0 | 23.56 | 199.58 | 223.14 | OK | |
r-release-macos-arm64 | 0.2.0 | 70.00 | OK | |||
r-release-macos-x86_64 | 0.2.0 | 150.00 | OK | |||
r-release-windows-x86_64 | 0.2.0 | 37.00 | 186.00 | 223.00 | OK | |
r-oldrel-macos-arm64 | 0.2.0 | 76.00 | OK | |||
r-oldrel-windows-x86_64 | 0.2.0 | 39.00 | 179.00 | 218.00 | OK |
Version: 0.2.0
Check: Rd files
Result: NOTE
checkRd: (-1) est_mg.Rd:284: Lost braces
284 | item parameter estimates across the groups in the code{\link{est_mg}} function.
| ^
checkRd: (-1) llike_score.Rd:22: Lost braces
22 | function. See \code{\link{est_irt}}, \code{\link{irtfit}}, \\code{\link{info}},
| ^
Flavors: r-devel-linux-x86_64-debian-clang, r-devel-linux-x86_64-debian-gcc, r-devel-linux-x86_64-fedora-clang, r-devel-linux-x86_64-fedora-gcc, r-prerel-macos-arm64, r-prerel-windows-x86_64, r-patched-linux-x86_64