Last updated on 2024-03-28 07:52:52 CET.
Flavor | Version | Tinstall | Tcheck | Ttotal | Status | Flags |
---|---|---|---|---|---|---|
r-devel-linux-x86_64-debian-clang | 0.2.9 | 244.10 | 237.55 | 481.65 | OK | |
r-devel-linux-x86_64-debian-gcc | 0.2.9 | 196.94 | 174.78 | 371.72 | OK | |
r-devel-linux-x86_64-fedora-clang | 0.2.9 | 679.05 | OK | |||
r-devel-linux-x86_64-fedora-gcc | 0.2.9 | 693.81 | OK | |||
r-devel-windows-x86_64 | 0.2.9 | 180.00 | 216.00 | 396.00 | OK | |
r-patched-linux-x86_64 | 0.2.9 | 243.48 | 228.36 | 471.84 | OK | |
r-release-linux-x86_64 | 0.2.9 | 241.10 | 229.94 | 471.04 | OK | |
r-release-macos-arm64 | 0.2.9 | 138.00 | NOTE | |||
r-release-macos-x86_64 | 0.2.9 | 325.00 | NOTE | |||
r-release-windows-x86_64 | 0.2.9 | 171.00 | 274.00 | 445.00 | OK | |
r-oldrel-macos-arm64 | 0.2.9 | 145.00 | NOTE | |||
r-oldrel-windows-x86_64 | 0.2.9 | 222.00 | 245.00 | 467.00 | OK |
Version: 0.2.9
Check: installed package size
Result: NOTE
installed size is 9.9Mb
sub-directories of 1Mb or more:
libs 8.1Mb
Flavors: r-release-macos-arm64, r-release-macos-x86_64, r-oldrel-macos-arm64