Last updated on 2023-06-04 08:57:12 CEST.
Flavor | Version | Tinstall | Tcheck | Ttotal | Status | Flags |
---|---|---|---|---|---|---|
r-devel-linux-x86_64-debian-clang | 0.2.7 | 220.09 | 212.68 | 432.77 | NOTE | |
r-devel-linux-x86_64-debian-gcc | 0.2.7 | 187.12 | 160.01 | 347.13 | NOTE | |
r-devel-linux-x86_64-fedora-clang | 0.2.7 | 618.78 | NOTE | |||
r-devel-linux-x86_64-fedora-gcc | 0.2.7 | 623.23 | NOTE | |||
r-devel-windows-x86_64 | 0.2.7 | 138.00 | 201.00 | 339.00 | NOTE | |
r-patched-linux-x86_64 | 0.2.7 | 208.28 | 201.43 | 409.71 | NOTE | |
r-release-linux-x86_64 | 0.2.7 | 189.10 | 202.43 | 391.53 | NOTE | |
r-release-macos-arm64 | 0.2.7 | 135.00 | NOTE | |||
r-release-macos-x86_64 | 0.2.7 | 271.00 | NOTE | |||
r-release-windows-x86_64 | 0.2.7 | 157.00 | 267.00 | 424.00 | NOTE | |
r-oldrel-macos-arm64 | 0.2.7 | 127.00 | NOTE | |||
r-oldrel-macos-x86_64 | 0.2.7 | 172.00 | NOTE | |||
r-oldrel-windows-x86_64 | 0.2.7 | 206.00 | 234.00 | 440.00 | OK |
Version: 0.2.7
Check: C++ specification
Result: NOTE
Specified C++11: please drop specification unless essential
Flavors: r-devel-linux-x86_64-debian-clang, r-devel-linux-x86_64-debian-gcc, r-devel-linux-x86_64-fedora-clang, r-devel-linux-x86_64-fedora-gcc, r-devel-windows-x86_64, r-patched-linux-x86_64, r-release-linux-x86_64, r-release-macos-arm64, r-release-macos-x86_64, r-release-windows-x86_64
Version: 0.2.7
Check: Rd \usage sections
Result: NOTE
S3 methods shown with full name in documentation object ‘print.Item’:
‘print.Item’
The \usage entries for S3 methods should use the \method markup and not
their full name.
See chapter ‘Writing R documentation files’ in the ‘Writing R
Extensions’ manual.
Flavors: r-devel-linux-x86_64-debian-clang, r-devel-linux-x86_64-debian-gcc, r-devel-linux-x86_64-fedora-clang, r-devel-linux-x86_64-fedora-gcc, r-devel-windows-x86_64, r-patched-linux-x86_64, r-release-linux-x86_64, r-release-macos-arm64, r-release-macos-x86_64, r-release-windows-x86_64
Version: 0.2.7
Check: installed package size
Result: NOTE
installed size is 10.0Mb
sub-directories of 1Mb or more:
libs 8.4Mb
Flavors: r-release-macos-arm64, r-release-macos-x86_64, r-oldrel-macos-arm64, r-oldrel-macos-x86_64