Last updated on 2024-04-23 07:51:07 CEST.
Flavor | Version | Tinstall | Tcheck | Ttotal | Status | Flags |
---|---|---|---|---|---|---|
r-devel-linux-x86_64-debian-clang | 0.2.1 | 8.32 | 221.49 | 229.81 | NOTE | |
r-devel-linux-x86_64-debian-gcc | 0.2.1 | 10.22 | 161.01 | 171.23 | NOTE | |
r-devel-linux-x86_64-fedora-clang | 0.2.1 | 284.44 | NOTE | |||
r-devel-linux-x86_64-fedora-gcc | 0.2.1 | 286.24 | NOTE | |||
r-prerel-macos-arm64 | 0.2.1 | 82.00 | NOTE | |||
r-prerel-windows-x86_64 | 0.2.1 | 13.00 | 175.00 | 188.00 | NOTE | |
r-patched-linux-x86_64 | 0.2.1 | 9.68 | 209.95 | 219.63 | NOTE | |
r-release-linux-x86_64 | 0.2.1 | 7.65 | 206.50 | 214.15 | NOTE | |
r-release-macos-arm64 | 0.2.1 | 105.00 | NOTE | |||
r-release-macos-x86_64 | 0.2.1 | 184.00 | NOTE | |||
r-release-windows-x86_64 | 0.2.1 | 17.00 | 224.00 | 241.00 | NOTE | |
r-oldrel-macos-arm64 | 0.2.1 | 93.00 | OK | |||
r-oldrel-windows-x86_64 | 0.2.1 | 17.00 | 223.00 | 240.00 | OK |
Version: 0.2.1
Check: Rd files
Result: NOTE
checkRd: (-1) ir_to_transmittance.Rd:49: Escaped LaTeX specials: \&
Flavors: r-devel-linux-x86_64-debian-clang, r-devel-linux-x86_64-debian-gcc, r-devel-linux-x86_64-fedora-clang, r-devel-linux-x86_64-fedora-gcc, r-prerel-macos-arm64, r-prerel-windows-x86_64, r-patched-linux-x86_64, r-release-linux-x86_64, r-release-macos-arm64, r-release-macos-x86_64, r-release-windows-x86_64