CRAN Package Check Results for Package ipw

Last updated on 2024-06-13 20:49:13 CEST.

Flavor Version Tinstall Tcheck Ttotal Status Flags
r-devel-linux-x86_64-debian-clang 1.2.1 11.88 102.65 114.53 OK
r-devel-linux-x86_64-debian-gcc 1.2.1 0.37 1.59 1.96 ERROR
r-devel-linux-x86_64-fedora-clang 1.2.1 143.77 OK
r-devel-linux-x86_64-fedora-gcc 1.2.1 134.87 OK
r-devel-windows-x86_64 1.2.1 10.00 90.00 100.00 OK
r-patched-linux-x86_64 1.2.1 18.14 98.64 116.78 OK
r-release-linux-x86_64 1.2.1 7.31 99.34 106.65 OK
r-release-macos-arm64 1.2.1 41.00 OK
r-release-macos-x86_64 1.2.1 60.00 OK
r-release-windows-x86_64 1.2.1 10.00 91.00 101.00 OK
r-oldrel-macos-arm64 1.2.1 47.00 OK
r-oldrel-macos-x86_64 1.2.1 97.00 OK
r-oldrel-windows-x86_64 1.2.1 14.00 115.00 129.00 OK

Check Details

Version: 1.2.1
Check: package dependencies
Result: ERROR Package required but not available: ‘geepack’ See section ‘The DESCRIPTION file’ in the ‘Writing R Extensions’ manual. Flavor: r-devel-linux-x86_64-debian-gcc