Last updated on 2023-09-28 08:58:53 CEST.
Flavor | Version | Tinstall | Tcheck | Ttotal | Status | Flags |
---|---|---|---|---|---|---|
r-devel-linux-x86_64-debian-clang | 0.0.11 | 14.28 | 124.00 | 138.28 | NOTE | |
r-devel-linux-x86_64-debian-gcc | 0.0.11 | 12.02 | 93.96 | 105.98 | NOTE | |
r-devel-linux-x86_64-fedora-clang | 0.0.11 | 167.11 | NOTE | |||
r-devel-linux-x86_64-fedora-gcc | 0.0.11 | 171.89 | NOTE | |||
r-devel-windows-x86_64 | 0.0.11 | 14.00 | 113.00 | 127.00 | NOTE | |
r-patched-linux-x86_64 | 0.0.11 | 20.95 | 119.75 | 140.70 | OK | |
r-release-linux-x86_64 | 0.0.11 | 18.10 | 119.56 | 137.66 | OK | |
r-release-macos-arm64 | 0.0.11 | 51.00 | OK | |||
r-release-macos-x86_64 | 0.0.11 | 81.00 | OK | |||
r-release-windows-x86_64 | 0.0.11 | 19.00 | 145.00 | 164.00 | OK | |
r-oldrel-macos-arm64 | 0.0.11 | 41.00 | NOTE | |||
r-oldrel-macos-x86_64 | 0.0.11 | 63.00 | NOTE | |||
r-oldrel-windows-x86_64 | 0.0.11 | 19.00 | 128.00 | 147.00 | OK |
Version: 0.0.11
Check: Rd contents
Result: NOTE
Argument items with no description in Rd object 'mrbayes':
‘unlink’ ‘constraint’
Argument items with no description in Rd object 'mrbayes.lset':
‘partition’
Argument items with no description in Rd object 'multistate':
‘model’
Flavors: r-devel-linux-x86_64-debian-clang, r-devel-linux-x86_64-debian-gcc, r-devel-linux-x86_64-fedora-clang, r-devel-linux-x86_64-fedora-gcc, r-devel-windows-x86_64
Version: 0.0.11
Check: dependencies in R code
Result: NOTE
Namespace in Imports field not imported from: ‘seqinr’
All declared Imports should be used.
Flavors: r-devel-linux-x86_64-fedora-clang, r-devel-linux-x86_64-fedora-gcc, r-oldrel-macos-arm64, r-oldrel-macos-x86_64