CRAN Package Check Results for Package ionr

Last updated on 2023-10-04 08:01:40 CEST.

Flavor Version Tinstall Tcheck Ttotal Status Flags
r-devel-linux-x86_64-debian-clang 0.3.0 2.10 38.13 40.23 NOTE
r-devel-linux-x86_64-debian-gcc 0.3.0 2.40 29.30 31.70 NOTE
r-devel-linux-x86_64-fedora-clang 0.3.0 54.75 NOTE
r-devel-linux-x86_64-fedora-gcc 0.3.0 49.62 NOTE
r-devel-windows-x86_64 0.3.0 4.00 54.00 58.00 NOTE
r-patched-linux-x86_64 0.3.0 2.84 36.74 39.58 NOTE
r-release-linux-x86_64 0.3.0 2.59 36.86 39.45 NOTE
r-release-macos-arm64 0.3.0 19.00 NOTE
r-release-macos-x86_64 0.3.0 30.00 NOTE
r-release-windows-x86_64 0.3.0 5.00 55.00 60.00 NOTE
r-oldrel-macos-arm64 0.3.0 19.00 NOTE
r-oldrel-macos-x86_64 0.3.0 26.00 NOTE
r-oldrel-windows-x86_64 0.3.0 5.00 58.00 63.00 NOTE

Check Details

Version: 0.3.0
Check: LazyData
Result: NOTE
     'LazyData' is specified without a 'data' directory
Flavors: r-devel-linux-x86_64-debian-clang, r-devel-linux-x86_64-debian-gcc, r-devel-linux-x86_64-fedora-clang, r-devel-linux-x86_64-fedora-gcc, r-devel-windows-x86_64, r-patched-linux-x86_64, r-release-linux-x86_64, r-release-macos-arm64, r-release-macos-x86_64, r-release-windows-x86_64, r-oldrel-macos-arm64, r-oldrel-macos-x86_64, r-oldrel-windows-x86_64