Last updated on 2023-05-29 08:55:01 CEST.
Flavor | Version | Tinstall | Tcheck | Ttotal | Status | Flags |
---|---|---|---|---|---|---|
r-devel-linux-x86_64-debian-clang | 1.4.2 | 4.66 | 52.36 | 57.02 | OK | |
r-devel-linux-x86_64-debian-gcc | 1.4.2 | 3.05 | 40.26 | 43.31 | OK | |
r-devel-linux-x86_64-fedora-clang | 1.4.2 | 70.85 | NOTE | |||
r-devel-linux-x86_64-fedora-gcc | 1.4.2 | 79.24 | OK | |||
r-devel-windows-x86_64 | 1.4.2 | 5.00 | 85.00 | 90.00 | OK | |
r-patched-linux-x86_64 | 1.4.2 | 4.78 | 50.09 | 54.87 | OK | |
r-release-linux-x86_64 | 1.4.2 | 3.39 | 49.35 | 52.74 | OK | |
r-release-macos-arm64 | 1.4.2 | 35.00 | OK | |||
r-release-macos-x86_64 | 1.4.2 | 50.00 | OK | |||
r-release-windows-x86_64 | 1.4.2 | 6.00 | 91.00 | 97.00 | OK | |
r-oldrel-macos-arm64 | 1.4.2 | 34.00 | OK | |||
r-oldrel-macos-x86_64 | 1.4.2 | 37.00 | OK | |||
r-oldrel-windows-x86_64 | 1.4.2 | 6.00 | 95.00 | 101.00 | OK |
Version: 1.4.2
Check: Rd cross-references
Result: NOTE
Undeclared packages ‘nlstools’, ‘lme4’ in Rd xrefs
Flavor: r-devel-linux-x86_64-fedora-clang