Last updated on 2024-04-23 07:51:07 CEST.
Flavor | Version | Tinstall | Tcheck | Ttotal | Status | Flags |
---|---|---|---|---|---|---|
r-devel-linux-x86_64-debian-clang | 1.4.2 | 4.95 | 54.33 | 59.28 | OK | |
r-devel-linux-x86_64-debian-gcc | 1.4.2 | 3.38 | 41.81 | 45.19 | OK | |
r-devel-linux-x86_64-fedora-clang | 1.4.2 | 75.16 | NOTE | |||
r-devel-linux-x86_64-fedora-gcc | 1.4.2 | 83.47 | OK | |||
r-prerel-macos-arm64 | 1.4.2 | 32.00 | OK | |||
r-prerel-windows-x86_64 | 1.4.2 | 4.00 | 88.00 | 92.00 | OK | |
r-patched-linux-x86_64 | 1.4.2 | 3.78 | 53.36 | 57.14 | OK | |
r-release-linux-x86_64 | 1.4.2 | 4.62 | 52.09 | 56.71 | OK | |
r-release-macos-arm64 | 1.4.2 | 35.00 | OK | |||
r-release-macos-x86_64 | 1.4.2 | 50.00 | OK | |||
r-release-windows-x86_64 | 1.4.2 | 5.00 | 94.00 | 99.00 | OK | |
r-oldrel-macos-arm64 | 1.4.2 | 34.00 | OK | |||
r-oldrel-windows-x86_64 | 1.4.2 | 5.00 | 97.00 | 102.00 | OK |
Version: 1.4.2
Check: Rd cross-references
Result: NOTE
Undeclared packages ‘nlstools’, ‘lme4’ in Rd xrefs
Flavor: r-devel-linux-x86_64-fedora-clang