Last updated on 2024-04-19 19:50:16 CEST.
Flavor | Version | Tinstall | Tcheck | Ttotal | Status | Flags |
---|---|---|---|---|---|---|
r-devel-linux-x86_64-debian-clang | 0.2.2 | 211.65 | 61.33 | 272.98 | NOTE | |
r-devel-linux-x86_64-debian-gcc | 0.2.2 | NOTE | ||||
r-devel-linux-x86_64-fedora-clang | 0.2.2 | 401.15 | NOTE | |||
r-devel-linux-x86_64-fedora-gcc | 0.2.2 | 433.10 | NOTE | |||
r-prerel-macos-arm64 | 0.2.2 | 81.00 | NOTE | |||
r-prerel-windows-x86_64 | 0.2.2 | 167.00 | 91.00 | 258.00 | NOTE | |
r-patched-linux-x86_64 | 0.2.2 | 231.31 | 57.32 | 288.63 | NOTE | |
r-release-linux-x86_64 | 0.2.2 | 232.10 | 58.35 | 290.45 | NOTE | |
r-release-macos-arm64 | 0.2.2 | 96.00 | NOTE | |||
r-release-macos-x86_64 | 0.2.2 | 173.00 | NOTE | |||
r-release-windows-x86_64 | 0.2.2 | 180.00 | 114.00 | 294.00 | NOTE | |
r-oldrel-macos-arm64 | 0.2.2 | 87.00 | NOTE | |||
r-oldrel-windows-x86_64 | 0.2.2 | 198.00 | 115.00 | 313.00 | NOTE |
Version: 0.2.2
Check: C++ specification
Result: NOTE
Specified C++11: please drop specification unless essential
Flavors: r-devel-linux-x86_64-debian-clang, r-devel-linux-x86_64-debian-gcc, r-devel-linux-x86_64-fedora-clang, r-devel-linux-x86_64-fedora-gcc, r-prerel-macos-arm64, r-prerel-windows-x86_64, r-patched-linux-x86_64, r-release-linux-x86_64, r-release-macos-arm64, r-release-macos-x86_64, r-release-windows-x86_64
Version: 0.2.2
Check: Rd files
Result: NOTE
checkRd: (-1) cox_cure_net.Rd:132: Lost braces
132 | \code{surv_lambda} (or code{cure_lambda}) that produces all-zero
| ^
Flavors: r-devel-linux-x86_64-debian-clang, r-devel-linux-x86_64-debian-gcc, r-devel-linux-x86_64-fedora-clang, r-devel-linux-x86_64-fedora-gcc, r-prerel-macos-arm64, r-prerel-windows-x86_64, r-patched-linux-x86_64
Version: 0.2.2
Check: LazyData
Result: NOTE
'LazyData' is specified without a 'data' directory
Flavors: r-devel-linux-x86_64-debian-clang, r-devel-linux-x86_64-debian-gcc, r-devel-linux-x86_64-fedora-clang, r-devel-linux-x86_64-fedora-gcc, r-prerel-macos-arm64, r-prerel-windows-x86_64, r-patched-linux-x86_64, r-release-linux-x86_64, r-release-macos-arm64, r-release-macos-x86_64, r-release-windows-x86_64, r-oldrel-macos-arm64, r-oldrel-windows-x86_64
Version: 0.2.2
Check: installed package size
Result: NOTE
installed size is 11.4Mb
sub-directories of 1Mb or more:
libs 10.7Mb
Flavors: r-prerel-macos-arm64, r-release-macos-arm64, r-release-macos-x86_64, r-oldrel-macos-arm64