CRAN Package Check Results for Package intradayModel

Last updated on 2024-02-28 07:53:45 CET.

Flavor Version Tinstall Tcheck Ttotal Status Flags
r-devel-linux-x86_64-debian-clang 0.0.1 6.84 275.67 282.51 NOTE
r-devel-linux-x86_64-debian-gcc 0.0.1 4.81 188.17 192.98 NOTE
r-devel-linux-x86_64-fedora-clang 0.0.1 332.04 NOTE
r-devel-linux-x86_64-fedora-gcc 0.0.1 326.90 NOTE
r-devel-windows-x86_64 0.0.1 8.00 187.00 195.00 OK
r-patched-linux-x86_64 0.0.1 5.54 254.28 259.82 OK
r-release-linux-x86_64 0.0.1 4.78 258.34 263.12 OK
r-release-macos-arm64 0.0.1 89.00 OK
r-release-macos-x86_64 0.0.1 159.00 OK
r-release-windows-x86_64 0.0.1 10.00 268.00 278.00 OK
r-oldrel-macos-arm64 0.0.1 80.00 OK
r-oldrel-windows-x86_64 0.0.1 10.00 271.00 281.00 OK

Check Details

Version: 0.0.1
Check: Rd files
Result: NOTE checkRd: (-1) decompose_volume.Rd:21: Lost braces in \itemize; \value handles \item{}{} directly checkRd: (-1) decompose_volume.Rd:22: Lost braces in \itemize; \value handles \item{}{} directly checkRd: (-1) decompose_volume.Rd:23: Lost braces in \itemize; \value handles \item{}{} directly checkRd: (-1) decompose_volume.Rd:24: Lost braces in \itemize; \value handles \item{}{} directly checkRd: (-1) fit_volume.Rd:44: Lost braces in \itemize; \value handles \item{}{} directly checkRd: (-1) fit_volume.Rd:45: Lost braces in \itemize; \value handles \item{}{} directly checkRd: (-1) fit_volume.Rd:46: Lost braces in \itemize; \value handles \item{}{} directly checkRd: (-1) fit_volume.Rd:47: Lost braces in \itemize; \value handles \item{}{} directly checkRd: (-1) forecast_volume.Rd:19: Lost braces in \itemize; \value handles \item{}{} directly checkRd: (-1) forecast_volume.Rd:20: Lost braces in \itemize; \value handles \item{}{} directly checkRd: (-1) forecast_volume.Rd:21: Lost braces in \itemize; \value handles \item{}{} directly checkRd: (-1) forecast_volume.Rd:22: Lost braces in \itemize; \value handles \item{}{} directly checkRd: (-1) generate_plots.Rd:15: Lost braces in \itemize; \value handles \item{}{} directly checkRd: (-1) generate_plots.Rd:16: Lost braces in \itemize; \value handles \item{}{} directly checkRd: (-1) generate_plots.Rd:17: Lost braces in \itemize; \value handles \item{}{} directly Flavors: r-devel-linux-x86_64-debian-clang, r-devel-linux-x86_64-debian-gcc, r-devel-linux-x86_64-fedora-clang, r-devel-linux-x86_64-fedora-gcc