Last updated on 2024-04-26 08:55:00 CEST.
Flavor | Version | Tinstall | Tcheck | Ttotal | Status | Flags |
---|---|---|---|---|---|---|
r-devel-linux-x86_64-debian-clang | 1.0.1 | 86.20 | 464.69 | 550.89 | NOTE | |
r-devel-linux-x86_64-debian-gcc | 1.0.1 | 73.26 | 343.44 | 416.70 | NOTE | |
r-devel-linux-x86_64-fedora-clang | 1.0.1 | 683.35 | NOTE | |||
r-devel-linux-x86_64-fedora-gcc | 1.0.1 | 694.73 | NOTE | |||
r-devel-windows-x86_64 | 1.0.1 | 72.00 | 303.00 | 375.00 | NOTE | |
r-patched-linux-x86_64 | 1.0.1 | 89.41 | 448.36 | 537.77 | NOTE | |
r-release-linux-x86_64 | 1.0.1 | 79.42 | 446.67 | 526.09 | NOTE | |
r-release-macos-arm64 | 1.0.1 | 173.00 | NOTE | |||
r-release-windows-x86_64 | 1.0.1 | 70.00 | 308.00 | 378.00 | NOTE | |
r-oldrel-macos-arm64 | 1.0.1 | 189.00 | NOTE | |||
r-oldrel-macos-x86_64 | 1.0.1 | 366.00 | NOTE | |||
r-oldrel-windows-x86_64 | 1.0.1 | 95.00 | 441.00 | 536.00 | NOTE |
Version: 1.0.1
Check: C++ specification
Result: NOTE
Specified C++11: please drop specification unless essential
Flavors: r-devel-linux-x86_64-debian-clang, r-devel-linux-x86_64-debian-gcc, r-devel-linux-x86_64-fedora-clang, r-devel-linux-x86_64-fedora-gcc, r-devel-windows-x86_64, r-patched-linux-x86_64, r-release-linux-x86_64, r-release-macos-arm64, r-release-windows-x86_64, r-oldrel-macos-arm64, r-oldrel-macos-x86_64, r-oldrel-windows-x86_64