Last updated on 2024-04-23 07:51:07 CEST.
Flavor | Version | Tinstall | Tcheck | Ttotal | Status | Flags |
---|---|---|---|---|---|---|
r-devel-linux-x86_64-debian-clang | 1.2.6 | 96.11 | 181.43 | 277.54 | NOTE | |
r-devel-linux-x86_64-debian-gcc | 1.2.6 | 72.52 | 128.98 | 201.50 | NOTE | |
r-devel-linux-x86_64-fedora-clang | 1.2.6 | 398.21 | NOTE | |||
r-devel-linux-x86_64-fedora-gcc | 1.2.6 | 377.89 | NOTE | |||
r-prerel-macos-arm64 | 1.2.6 | 80.00 | NOTE | |||
r-prerel-windows-x86_64 | 1.2.6 | 79.00 | 143.00 | 222.00 | NOTE | |
r-patched-linux-x86_64 | 1.2.6 | 82.81 | 175.33 | 258.14 | NOTE | |
r-release-linux-x86_64 | 1.2.6 | 92.00 | 171.14 | 263.14 | NOTE | |
r-release-macos-arm64 | 1.2.6 | 90.00 | NOTE | |||
r-release-macos-x86_64 | 1.2.6 | 148.00 | NOTE | |||
r-release-windows-x86_64 | 1.2.6 | 96.00 | 195.00 | 291.00 | NOTE | |
r-oldrel-macos-arm64 | 1.2.6 | 80.00 | OK | |||
r-oldrel-windows-x86_64 | 1.2.6 | 95.00 | 174.00 | 269.00 | OK |
Version: 1.2.6
Check: C++ specification
Result: NOTE
Specified C++11: please drop specification unless essential
Flavors: r-devel-linux-x86_64-debian-clang, r-devel-linux-x86_64-debian-gcc, r-devel-linux-x86_64-fedora-clang, r-devel-linux-x86_64-fedora-gcc, r-prerel-macos-arm64, r-prerel-windows-x86_64, r-patched-linux-x86_64, r-release-linux-x86_64, r-release-macos-arm64, r-release-macos-x86_64, r-release-windows-x86_64