Last updated on 2023-05-31 20:57:11 CEST.
Flavor | Version | Tinstall | Tcheck | Ttotal | Status | Flags |
---|---|---|---|---|---|---|
r-devel-linux-x86_64-debian-clang | 1.2.6 | 92.36 | 180.94 | 273.30 | NOTE | |
r-devel-linux-x86_64-debian-gcc | 1.2.6 | 71.81 | 133.83 | 205.64 | NOTE | |
r-devel-linux-x86_64-fedora-clang | 1.2.6 | 373.89 | NOTE | |||
r-devel-linux-x86_64-fedora-gcc | 1.2.6 | 354.30 | NOTE | |||
r-devel-windows-x86_64 | 1.2.6 | 75.00 | 145.00 | 220.00 | NOTE | |
r-patched-linux-x86_64 | 1.2.6 | NOTE | ||||
r-release-linux-x86_64 | 1.2.6 | 68.46 | 169.85 | 238.31 | NOTE | |
r-release-macos-arm64 | 1.2.6 | 90.00 | NOTE | |||
r-release-macos-x86_64 | 1.2.6 | 148.00 | NOTE | |||
r-release-windows-x86_64 | 1.2.6 | 98.00 | 199.00 | 297.00 | NOTE | |
r-oldrel-macos-arm64 | 1.2.6 | 80.00 | OK | |||
r-oldrel-macos-x86_64 | 1.2.6 | 115.00 | OK | |||
r-oldrel-windows-x86_64 | 1.2.6 | 96.00 | 188.00 | 284.00 | OK |
Version: 1.2.6
Check: C++ specification
Result: NOTE
Specified C++11: please drop specification unless essential
Flavors: r-devel-linux-x86_64-debian-clang, r-devel-linux-x86_64-debian-gcc, r-devel-linux-x86_64-fedora-clang, r-devel-linux-x86_64-fedora-gcc, r-devel-windows-x86_64, r-patched-linux-x86_64, r-release-linux-x86_64, r-release-macos-arm64, r-release-macos-x86_64, r-release-windows-x86_64