Last updated on 2023-09-22 08:55:49 CEST.
Flavor | Version | Tinstall | Tcheck | Ttotal | Status | Flags |
---|---|---|---|---|---|---|
r-devel-linux-x86_64-debian-clang | 2019.12.5 | 5.69 | 36.35 | 42.04 | NOTE | |
r-devel-linux-x86_64-debian-gcc | 2019.12.5 | 4.67 | 28.13 | 32.80 | NOTE | |
r-devel-linux-x86_64-fedora-clang | 2019.12.5 | 54.24 | NOTE | |||
r-devel-linux-x86_64-fedora-gcc | 2019.12.5 | 51.32 | NOTE | |||
r-devel-windows-x86_64 | 2019.12.5 | 5.00 | 65.00 | 70.00 | NOTE | |
r-patched-linux-x86_64 | 2019.12.5 | 4.68 | 35.43 | 40.11 | OK | |
r-release-linux-x86_64 | 2019.12.5 | 4.61 | 35.19 | 39.80 | OK | |
r-release-macos-arm64 | 2019.12.5 | 26.00 | OK | |||
r-release-macos-x86_64 | 2019.12.5 | 34.00 | OK | |||
r-release-windows-x86_64 | 2019.12.5 | 5.00 | 64.00 | 69.00 | OK | |
r-oldrel-macos-arm64 | 2019.12.5 | 26.00 | OK | |||
r-oldrel-macos-x86_64 | 2019.12.5 | 31.00 | OK | |||
r-oldrel-windows-x86_64 | 2019.12.5 | 8.00 | 68.00 | 76.00 | OK |
Version: 2019.12.5
Check: Rd contents
Result: NOTE
Argument items with no description in Rd object 'combine.NULL':
‘x’ ‘y’
Argument items with no description in Rd object 'combine':
‘x’ ‘y’
Argument items with no description in Rd object 'combine.character':
‘x’ ‘y’
Argument items with no description in Rd object 'combine.list':
‘x’ ‘y’
Argument items with no description in Rd object 'findGeneric':
‘fname’ ‘envir’
Argument items with no description in Rd object 'fixPackageFileNames':
‘list’
Argument items with no description in Rd object 'forfun':
‘FUN’
Argument items with no description in Rd object 'get_S3_primitive_generics':
‘include_group_generics’
Argument items with no description in Rd object 'get_internal_S3_generics':
‘primitive’
Argument items with no description in Rd object 'is_primitive_in_base':
‘fname’
Argument items with no description in Rd object 'prefixed.lines':
‘src’ ‘\dots’
Argument items with no description in Rd object 'print.allfun':
‘x’ ‘\dots’
Argument items with no description in Rd object 'whole.word':
‘\dots’
Flavors: r-devel-linux-x86_64-debian-clang, r-devel-linux-x86_64-debian-gcc, r-devel-linux-x86_64-fedora-clang, r-devel-linux-x86_64-fedora-gcc, r-devel-windows-x86_64
Version: 2019.12.5
Check: Rd cross-references
Result: NOTE
Undeclared package ‘R.methodsS3’ in Rd xrefs
Flavor: r-devel-linux-x86_64-fedora-clang