CRAN Package Check Results for Package indiedown

Last updated on 2024-02-28 07:53:45 CET.

Flavor Version Tinstall Tcheck Ttotal Status Flags
r-devel-linux-x86_64-debian-clang 0.1.1 2.67 37.88 40.55 NOTE
r-devel-linux-x86_64-debian-gcc 0.1.1 2.28 29.38 31.66 NOTE
r-devel-linux-x86_64-fedora-clang 0.1.1 51.19 NOTE
r-devel-linux-x86_64-fedora-gcc 0.1.1 63.80 NOTE
r-devel-windows-x86_64 0.1.1 4.00 52.00 56.00 NOTE
r-patched-linux-x86_64 0.1.1 2.29 36.67 38.96 NOTE
r-release-linux-x86_64 0.1.1 1.96 37.08 39.04 NOTE
r-release-macos-arm64 0.1.1 30.00 NOTE
r-release-macos-x86_64 0.1.1 41.00 NOTE
r-release-windows-x86_64 0.1.1 5.00 53.00 58.00 NOTE
r-oldrel-macos-arm64 0.1.1 22.00 NOTE
r-oldrel-windows-x86_64 0.1.1 6.00 58.00 64.00 NOTE

Check Details

Version: 0.1.1
Check: LazyData
Result: NOTE 'LazyData' is specified without a 'data' directory Flavors: r-devel-linux-x86_64-debian-clang, r-devel-linux-x86_64-debian-gcc, r-devel-linux-x86_64-fedora-clang, r-devel-linux-x86_64-fedora-gcc, r-devel-windows-x86_64, r-patched-linux-x86_64, r-release-linux-x86_64, r-release-macos-arm64, r-release-macos-x86_64, r-release-windows-x86_64, r-oldrel-macos-arm64, r-oldrel-windows-x86_64