Last updated on 2024-03-28 19:48:34 CET.
Flavor | Version | Tinstall | Tcheck | Ttotal | Status | Flags |
---|---|---|---|---|---|---|
r-devel-linux-x86_64-debian-clang | 1.7.3 | 3.05 | 122.21 | 125.26 | NOTE | |
r-devel-linux-x86_64-debian-gcc | 1.7.3 | 3.58 | 89.71 | 93.29 | NOTE | |
r-devel-linux-x86_64-fedora-clang | 1.7.3 | 151.00 | NOTE | |||
r-devel-linux-x86_64-fedora-gcc | 1.7.3 | 166.84 | NOTE | |||
r-devel-windows-x86_64 | 1.7.3 | 5.00 | 110.00 | 115.00 | NOTE | |
r-patched-linux-x86_64 | 1.7.3 | 4.61 | 116.02 | 120.63 | NOTE | |
r-release-linux-x86_64 | 1.7.3 | 3.72 | 116.86 | 120.58 | OK | |
r-release-macos-arm64 | 1.7.3 | 61.00 | OK | |||
r-release-macos-x86_64 | 1.7.3 | 95.00 | OK | |||
r-release-windows-x86_64 | 1.7.3 | 7.00 | 131.00 | 138.00 | OK | |
r-oldrel-macos-arm64 | 1.7.3 | 47.00 | OK | |||
r-oldrel-windows-x86_64 | 1.7.3 | 7.00 | 131.00 | 138.00 | OK |
Version: 1.7.3
Check: Rd files
Result: NOTE
checkRd: (-1) incidence.Rd:172: Lost braces; missing escapes or markup?
172 | using the pattern "{n} {W} weeks" where "{W}" represents the weekday in an
| ^
checkRd: (-1) incidence.Rd:172: Lost braces; missing escapes or markup?
172 | using the pattern "{n} {W} weeks" where "{W}" represents the weekday in an
| ^
checkRd: (-1) incidence.Rd:172: Lost braces; missing escapes or markup?
172 | using the pattern "{n} {W} weeks" where "{W}" represents the weekday in an
| ^
checkRd: (-1) incidence.Rd:173: Lost braces; missing escapes or markup?
173 | English or current locale and "{n}" represents the duration, but this can be
| ^
Flavors: r-devel-linux-x86_64-debian-clang, r-devel-linux-x86_64-debian-gcc, r-devel-linux-x86_64-fedora-clang, r-devel-linux-x86_64-fedora-gcc, r-devel-windows-x86_64, r-patched-linux-x86_64