Last updated on 2024-03-28 07:52:52 CET.
Flavor | Version | Tinstall | Tcheck | Ttotal | Status | Flags |
---|---|---|---|---|---|---|
r-devel-linux-x86_64-debian-clang | 0.5.1 | 67.73 | 37.83 | 105.56 | NOTE | |
r-devel-linux-x86_64-debian-gcc | 0.5.1 | 53.38 | 28.97 | 82.35 | NOTE | |
r-devel-linux-x86_64-fedora-clang | 0.5.1 | 158.36 | NOTE | |||
r-devel-linux-x86_64-fedora-gcc | 0.5.1 | 151.97 | NOTE | |||
r-devel-windows-x86_64 | 0.5.1 | 50.00 | 70.00 | 120.00 | NOTE | |
r-patched-linux-x86_64 | 0.5.1 | 67.40 | 35.51 | 102.91 | NOTE | |
r-release-linux-x86_64 | 0.5.1 | 62.82 | 37.26 | 100.08 | NOTE | |
r-release-macos-arm64 | 0.5.1 | 42.00 | NOTE | |||
r-release-macos-x86_64 | 0.5.1 | 64.00 | NOTE | |||
r-release-windows-x86_64 | 0.5.1 | 51.00 | 78.00 | 129.00 | NOTE | |
r-oldrel-macos-arm64 | 0.5.1 | 42.00 | OK | |||
r-oldrel-windows-x86_64 | 0.5.1 | 65.00 | 74.00 | 139.00 | OK |
Version: 0.5.1
Check: C++ specification
Result: NOTE
Specified C++11: please drop specification unless essential
Flavors: r-devel-linux-x86_64-debian-clang, r-devel-linux-x86_64-debian-gcc, r-devel-linux-x86_64-fedora-clang, r-devel-linux-x86_64-fedora-gcc, r-devel-windows-x86_64, r-patched-linux-x86_64, r-release-linux-x86_64, r-release-macos-arm64, r-release-macos-x86_64, r-release-windows-x86_64
Version: 0.5.1
Check: Rd files
Result: NOTE
checkRd: (-1) imptree_params.Rd:26-27: Lost braces in \itemize; meant \describe ?
checkRd: (-1) imptree_params.Rd:28-29: Lost braces in \itemize; meant \describe ?
checkRd: (-1) imptree_params.Rd:30-31: Lost braces in \itemize; meant \describe ?
checkRd: (-1) predict.imptree.Rd:42: Lost braces in \itemize; \value handles \item{}{} directly
checkRd: (-1) predict.imptree.Rd:43: Lost braces in \itemize; \value handles \item{}{} directly
checkRd: (-1) predict.imptree.Rd:44: Lost braces in \itemize; \value handles \item{}{} directly
checkRd: (-1) predict.imptree.Rd:45-46: Lost braces in \itemize; \value handles \item{}{} directly
checkRd: (-1) predict.imptree.Rd:47-48: Lost braces in \itemize; \value handles \item{}{} directly
checkRd: (-1) predict.imptree.Rd:49: Lost braces in \itemize; \value handles \item{}{} directly
checkRd: (-1) predict.imptree.Rd:50: Lost braces in \itemize; \value handles \item{}{} directly
checkRd: (-1) predict.imptree.Rd:51: Lost braces in \itemize; \value handles \item{}{} directly
Flavors: r-devel-linux-x86_64-debian-clang, r-devel-linux-x86_64-debian-gcc, r-devel-linux-x86_64-fedora-clang, r-devel-linux-x86_64-fedora-gcc, r-devel-windows-x86_64