Last updated on 2023-12-03 07:51:59 CET.
Flavor | Version | Tinstall | Tcheck | Ttotal | Status | Flags |
---|---|---|---|---|---|---|
r-devel-linux-x86_64-debian-clang | 0.1-62 | 14.56 | 117.35 | 131.91 | NOTE | |
r-devel-linux-x86_64-debian-gcc | 0.1-62 | 11.01 | 85.66 | 96.67 | NOTE | |
r-devel-linux-x86_64-fedora-clang | 0.1-62 | 156.85 | OK | |||
r-devel-linux-x86_64-fedora-gcc | 0.1-62 | 161.81 | OK | |||
r-devel-windows-x86_64 | 0.1-62 | 13.00 | 112.00 | 125.00 | OK | |
r-patched-linux-x86_64 | 0.1-62 | 25.27 | 109.16 | 134.43 | OK | |
r-release-linux-x86_64 | 0.1-62 | 10.12 | 109.13 | 119.25 | OK | |
r-release-macos-arm64 | 0.1-62 | 55.00 | OK | |||
r-release-macos-x86_64 | 0.1-62 | 89.00 | OK | |||
r-release-windows-x86_64 | 0.1-62 | 16.00 | 134.00 | 150.00 | OK | |
r-oldrel-macos-arm64 | 0.1-62 | 50.00 | OK | |||
r-oldrel-macos-x86_64 | 0.1-62 | 66.00 | OK | |||
r-oldrel-windows-x86_64 | 0.1-62 | 17.00 | 135.00 | 152.00 | OK |
Version: 0.1-62
Check: Rd files
Result: NOTE
checkRd: (-1) fitSpline.Rd:109: Lost braces
109 | \code{response} and it will have the same order of code{x} as \code{data}.
| ^
Flavors: r-devel-linux-x86_64-debian-clang, r-devel-linux-x86_64-debian-gcc