Last updated on 2023-12-06 18:52:47 CET.
Flavor | Version | Tinstall | Tcheck | Ttotal | Status | Flags |
---|---|---|---|---|---|---|
r-devel-linux-x86_64-debian-clang | 2.3.3 | 8.89 | 62.89 | 71.78 | OK | |
r-devel-linux-x86_64-debian-gcc | 2.3.3 | 6.78 | 48.43 | 55.21 | OK | |
r-devel-linux-x86_64-fedora-clang | 2.3.3 | 92.91 | OK | |||
r-devel-linux-x86_64-fedora-gcc | 2.3.3 | 103.54 | OK | |||
r-devel-windows-x86_64 | 2.3.3 | 26.00 | 87.00 | 113.00 | OK | |
r-patched-linux-x86_64 | 2.3.3 | 8.89 | 59.38 | 68.27 | OK | |
r-release-linux-x86_64 | 2.3.3 | 8.45 | 61.02 | 69.47 | OK | |
r-release-macos-arm64 | 2.3.3 | 48.00 | NOTE | |||
r-release-macos-x86_64 | 2.3.3 | 74.00 | NOTE | |||
r-release-windows-x86_64 | 2.3.3 | 28.00 | 92.00 | 120.00 | OK | |
r-oldrel-macos-arm64 | 2.3.3 | 38.00 | NOTE | |||
r-oldrel-macos-x86_64 | 2.3.3 | 50.00 | NOTE | |||
r-oldrel-windows-x86_64 | 2.3.3 | 19.00 | 87.00 | 106.00 | OK |
Version: 2.3.3
Check: installed package size
Result: NOTE
installed size is 7.1Mb
sub-directories of 1Mb or more:
libs 5.2Mb
Flavors: r-release-macos-arm64, r-release-macos-x86_64, r-oldrel-macos-arm64, r-oldrel-macos-x86_64