Last updated on 2023-09-22 08:55:48 CEST.
Flavor | Version | Tinstall | Tcheck | Ttotal | Status | Flags |
---|---|---|---|---|---|---|
r-devel-linux-x86_64-debian-clang | 0.5.0 | 4.24 | 54.38 | 58.62 | NOTE | |
r-devel-linux-x86_64-debian-gcc | 0.5.0 | 3.40 | 40.73 | 44.13 | NOTE | |
r-devel-linux-x86_64-fedora-clang | 0.5.0 | 76.41 | NOTE | |||
r-devel-linux-x86_64-fedora-gcc | 0.5.0 | 69.31 | NOTE | |||
r-devel-windows-x86_64 | 0.5.0 | 5.00 | 109.00 | 114.00 | OK | |
r-patched-linux-x86_64 | 0.5.0 | 3.28 | 51.77 | 55.05 | NOTE | |
r-release-linux-x86_64 | 0.5.0 | 3.44 | 51.05 | 54.49 | NOTE | |
r-release-macos-arm64 | 0.5.0 | 28.00 | OK | |||
r-release-macos-x86_64 | 0.5.0 | 40.00 | OK | |||
r-release-windows-x86_64 | 0.5.0 | 7.00 | 116.00 | 123.00 | OK | |
r-oldrel-macos-arm64 | 0.5.0 | 24.00 | NOTE | |||
r-oldrel-macos-x86_64 | 0.5.0 | 35.00 | NOTE | |||
r-oldrel-windows-x86_64 | 0.5.0 | 7.00 | 112.00 | 119.00 | OK |
Version: 0.5.0
Check: package dependencies
Result: NOTE
Package suggested but not available for checking: ‘gutenbergr’
Flavors: r-devel-linux-x86_64-debian-clang, r-devel-linux-x86_64-debian-gcc, r-devel-linux-x86_64-fedora-clang, r-devel-linux-x86_64-fedora-gcc, r-patched-linux-x86_64, r-release-linux-x86_64
Version: 0.5.0
Check: data for non-ASCII characters
Result: NOTE
Note: found 1 marked UTF-8 string
Flavors: r-devel-linux-x86_64-fedora-clang, r-devel-linux-x86_64-fedora-gcc, r-oldrel-macos-arm64, r-oldrel-macos-x86_64