Last updated on 2024-04-17 19:58:41 CEST.
Flavor | Version | Tinstall | Tcheck | Ttotal | Status | Flags |
---|---|---|---|---|---|---|
r-devel-linux-x86_64-debian-clang | 1.0.2 | 2.73 | 116.45 | 119.18 | NOTE | |
r-devel-linux-x86_64-debian-gcc | 1.0.2 | 1.99 | 85.85 | 87.84 | NOTE | |
r-devel-linux-x86_64-fedora-clang | 1.0.2 | 141.92 | NOTE | |||
r-devel-linux-x86_64-fedora-gcc | 1.0.2 | 147.55 | NOTE | |||
r-prerel-macos-arm64 | 1.0.2 | 54.00 | NOTE | |||
r-prerel-windows-x86_64 | 1.0.2 | 3.00 | 104.00 | 107.00 | NOTE | |
r-patched-linux-x86_64 | 1.0.2 | 2.23 | 104.78 | 107.01 | NOTE | |
r-release-linux-x86_64 | 1.0.2 | 2.61 | 105.57 | 108.18 | NOTE | |
r-release-macos-arm64 | 1.0.2 | 60.00 | NOTE | |||
r-release-macos-x86_64 | 1.0.2 | 95.00 | NOTE | |||
r-release-windows-x86_64 | 1.0.2 | 4.00 | 130.00 | 134.00 | NOTE | |
r-oldrel-macos-arm64 | 1.0.2 | 51.00 | NOTE | |||
r-oldrel-windows-x86_64 | 1.0.2 | 4.00 | 129.00 | 133.00 | NOTE |
Version: 1.0.2
Check: LazyData
Result: NOTE
'LazyData' is specified without a 'data' directory
Flavors: r-devel-linux-x86_64-debian-clang, r-devel-linux-x86_64-debian-gcc, r-devel-linux-x86_64-fedora-clang, r-devel-linux-x86_64-fedora-gcc, r-prerel-macos-arm64, r-prerel-windows-x86_64, r-patched-linux-x86_64, r-release-linux-x86_64, r-release-macos-arm64, r-release-macos-x86_64, r-release-windows-x86_64, r-oldrel-macos-arm64, r-oldrel-windows-x86_64