Last updated on 2024-03-28 19:48:34 CET.
Flavor | Version | Tinstall | Tcheck | Ttotal | Status | Flags |
---|---|---|---|---|---|---|
r-devel-linux-x86_64-debian-clang | 1.6.7 | 50.60 | 190.02 | 240.62 | OK | |
r-devel-linux-x86_64-debian-gcc | 1.6.7 | 34.96 | 141.36 | 176.32 | OK | |
r-devel-linux-x86_64-fedora-clang | 1.6.7 | 317.05 | NOTE | |||
r-devel-linux-x86_64-fedora-gcc | 1.6.7 | 300.79 | OK | |||
r-devel-windows-x86_64 | 1.6.7 | 40.00 | 164.00 | 204.00 | OK | |
r-patched-linux-x86_64 | 1.6.7 | 45.81 | 186.23 | 232.04 | OK | |
r-release-linux-x86_64 | 1.6.7 | 38.40 | 180.85 | 219.25 | OK | |
r-release-macos-arm64 | 1.6.7 | 72.00 | OK | |||
r-release-macos-x86_64 | 1.6.7 | 118.00 | OK | |||
r-release-windows-x86_64 | 1.6.7 | 52.00 | 208.00 | 260.00 | OK | |
r-oldrel-macos-arm64 | 1.6.7 | 74.00 | OK | |||
r-oldrel-windows-x86_64 | 1.6.7 | 54.00 | 206.00 | 260.00 | OK |
Version: 1.6.7
Check: package dependencies
Result: NOTE
Imports includes 26 non-default packages.
Importing from so many packages makes the package vulnerable to any of
them becoming unavailable. Move as many as possible to Suggests and
use conditionally.
Flavor: r-devel-linux-x86_64-fedora-clang