Last updated on 2023-06-05 08:53:30 CEST.
Flavor | Version | Tinstall | Tcheck | Ttotal | Status | Flags |
---|---|---|---|---|---|---|
r-devel-linux-x86_64-debian-clang | 1.2.0 | 231.20 | 70.97 | 302.17 | NOTE | |
r-devel-linux-x86_64-debian-gcc | 1.2.0 | 176.89 | 53.43 | 230.32 | NOTE | |
r-devel-linux-x86_64-fedora-clang | 1.2.0 | 449.50 | NOTE | |||
r-devel-linux-x86_64-fedora-gcc | 1.2.0 | 432.88 | NOTE | |||
r-devel-windows-x86_64 | 1.2.0 | 168.00 | 104.00 | 272.00 | NOTE | |
r-patched-linux-x86_64 | 1.2.0 | 190.38 | 66.95 | 257.33 | NOTE | |
r-release-linux-x86_64 | 1.2.0 | 183.75 | 65.99 | 249.74 | NOTE | |
r-release-macos-arm64 | 1.2.0 | 106.00 | NOTE | |||
r-release-macos-x86_64 | 1.2.0 | 177.00 | NOTE | |||
r-release-windows-x86_64 | 1.2.0 | 210.00 | 121.00 | 331.00 | NOTE | |
r-oldrel-macos-arm64 | 1.2.0 | 88.00 | NOTE | |||
r-oldrel-macos-x86_64 | 1.2.0 | 122.00 | NOTE | |||
r-oldrel-windows-x86_64 | 1.2.0 | 209.00 | 110.00 | 319.00 | OK |
Version: 1.2.0
Check: C++ specification
Result: NOTE
Specified C++11: please drop specification unless essential
Flavors: r-devel-linux-x86_64-debian-clang, r-devel-linux-x86_64-debian-gcc, r-devel-linux-x86_64-fedora-clang, r-devel-linux-x86_64-fedora-gcc, r-devel-windows-x86_64, r-patched-linux-x86_64, r-release-linux-x86_64, r-release-macos-arm64, r-release-macos-x86_64, r-release-windows-x86_64
Version: 1.2.0
Check: installed package size
Result: NOTE
installed size is 7.5Mb
sub-directories of 1Mb or more:
libs 7.2Mb
Flavors: r-release-macos-arm64, r-release-macos-x86_64, r-oldrel-macos-arm64, r-oldrel-macos-x86_64