Last updated on 2023-09-20 19:54:45 CEST.
Flavor | Version | Tinstall | Tcheck | Ttotal | Status | Flags |
---|---|---|---|---|---|---|
r-devel-linux-x86_64-debian-clang | 1.1.1 | 6.56 | 68.58 | 75.14 | OK | |
r-devel-linux-x86_64-debian-gcc | 1.1.1 | 6.00 | 50.54 | 56.54 | OK | |
r-devel-linux-x86_64-fedora-clang | 1.1.1 | 93.18 | NOTE | |||
r-devel-linux-x86_64-fedora-gcc | 1.1.1 | 101.00 | OK | |||
r-devel-windows-x86_64 | 1.1.1 | 8.00 | 69.00 | 77.00 | NOTE | |
r-patched-linux-x86_64 | 1.1.1 | 6.74 | 63.80 | 70.54 | OK | |
r-release-linux-x86_64 | 1.1.1 | 6.27 | 63.86 | 70.13 | OK | |
r-release-macos-arm64 | 1.1.1 | 40.00 | NOTE | |||
r-release-macos-x86_64 | 1.1.1 | 51.00 | NOTE | |||
r-release-windows-x86_64 | 1.1.1 | 10.00 | 79.00 | 89.00 | NOTE | |
r-oldrel-macos-arm64 | 1.1.1 | 32.00 | NOTE | |||
r-oldrel-macos-x86_64 | 1.1.1 | 59.00 | NOTE | |||
r-oldrel-windows-x86_64 | 1.1.1 | 10.00 | 85.00 | 95.00 | NOTE |
Version: 1.1.1
Check: installed package size
Result: NOTE
installed size is 6.5Mb
sub-directories of 1Mb or more:
doc 6.3Mb
Flavors: r-devel-linux-x86_64-fedora-clang, r-devel-windows-x86_64, r-release-macos-arm64, r-release-macos-x86_64, r-release-windows-x86_64, r-oldrel-macos-arm64, r-oldrel-macos-x86_64, r-oldrel-windows-x86_64
Version: 1.1.1
Check: package dependencies
Result: NOTE
Package suggested but not available for checking: ‘webshot2’
Flavors: r-oldrel-macos-arm64, r-oldrel-macos-x86_64