CRAN Package Check Results for Package hyper2

Last updated on 2023-05-28 20:03:59 CEST.

Flavor Version Tinstall Tcheck Ttotal Status Flags
r-devel-linux-x86_64-debian-clang 3.0-0 43.83 737.85 781.68 OK
r-devel-linux-x86_64-debian-gcc 3.0-0 40.90 546.28 587.18 OK
r-devel-linux-x86_64-fedora-clang 3.0-0 973.62 OK
r-devel-linux-x86_64-fedora-gcc 3.0-0 931.80 OK
r-devel-windows-x86_64 3.0-0 42.00 558.00 600.00 OK
r-patched-linux-x86_64 3.0-0 44.86 684.86 729.72 OK
r-release-linux-x86_64 3.0-0 45.29 703.71 749.00 OK
r-release-macos-arm64 3.0-0 239.00 OK
r-release-macos-x86_64 3.0-0 512.00 NOTE
r-release-windows-x86_64 3.0-0 54.00 791.00 845.00 OK
r-oldrel-macos-arm64 3.0-0 273.00 OK
r-oldrel-macos-x86_64 3.0-0 392.00 OK
r-oldrel-windows-x86_64 3.0-0 49.00 964.00 1013.00 OK

Check Details

Version: 3.0-0
Check: re-building of vignette outputs
Result: NOTE
    Error(s) in re-building vignettes:
    --- re-building ‘hyper3.Rmd’ using rmarkdown
    Pandoc is required to build R Markdown vignettes but not available. Please make sure it is installed.
    --- finished re-building ‘hyper3.Rmd’
    
    --- re-building ‘icons.Rmd’ using rmarkdown
    Pandoc is required to build R Markdown vignettes but not available. Please make sure it is installed.
    --- finished re-building ‘icons.Rmd’
    
    --- re-building ‘hyper2.Rnw’ using Sweave
    Loading required package: magrittr
    Loading required package: cubature
    
    Attaching package: ‘hyper2’
    
    The following object is masked from ‘package:stats’:
    
     weights
    
    Warning in print.hyper2(res$value) : powers have nonzero sum
    Warning in print.hyper2(res$value) : powers have nonzero sum
    Warning in print.hyper2(res$value) : powers have nonzero sum
    Warning in print.hyper2(res$value) : powers have nonzero sum
    Error: processing vignette 'hyper2.Rnw' failed with diagnostics:
    Running 'texi2dvi' on 'hyper2.tex' failed.
    LaTeX errors:
    ! LaTeX Error: File `dsfont.sty' not found.
    
    Type X to quit or <RETURN> to proceed,
    or enter new name. (Default extension: sty)
    
    ! Emergency stop.
    <read *>
    
    l.10 \usepackage
     {bbm}^^M
    ! ==> Fatal error occurred, no output PDF file produced!
    --- failed re-building ‘hyper2.Rnw’
    
    --- re-building ‘integration.Rnw’ using Sweave
    
    Attaching package: ‘hyper2’
    
    The following object is masked from ‘package:stats’:
    
     weights
    
    Warning in print.hyper2(res$value) : powers have nonzero sum
    Error: processing vignette 'integration.Rnw' failed with diagnostics:
    Running 'texi2dvi' on 'integration.tex' failed.
    LaTeX errors:
    ! LaTeX Error: File `dsfont.sty' not found.
    
    Type X to quit or <RETURN> to proceed,
    or enter new name. (Default extension: sty)
    
    ! Emergency stop.
    <read *>
    
    l.4 \usepackage
     {bbm}^^M
    ! ==> Fatal error occurred, no output PDF file produced!
    --- failed re-building ‘integration.Rnw’
    
    SUMMARY: processing the following files failed:
     ‘hyper2.Rnw’ ‘integration.Rnw’
    
    Error: Vignette re-building failed.
    Execution halted
Flavor: r-release-macos-x86_64