Last updated on 2024-04-23 19:50:47 CEST.
Flavor | Version | Tinstall | Tcheck | Ttotal | Status | Flags |
---|---|---|---|---|---|---|
r-devel-linux-x86_64-debian-clang | 2.0.2 | 316.29 | 169.05 | 485.34 | NOTE | |
r-devel-linux-x86_64-debian-gcc | 2.0.2 | 291.28 | 185.91 | 477.19 | NOTE | |
r-devel-linux-x86_64-fedora-clang | 2.0.2 | 710.86 | NOTE | |||
r-devel-linux-x86_64-fedora-gcc | 2.0.2 | 852.04 | NOTE | |||
r-prerel-macos-arm64 | 2.0.2 | 192.00 | NOTE | |||
r-prerel-windows-x86_64 | 2.0.2 | 247.00 | 238.00 | 485.00 | NOTE | |
r-patched-linux-x86_64 | 2.0.2 | 259.28 | 179.62 | 438.90 | NOTE | |
r-release-linux-x86_64 | 2.0.2 | 0.02 | 2.63 | 2.65 | ERROR | |
r-release-macos-arm64 | 2.0.2 | 160.00 | NOTE | |||
r-release-macos-x86_64 | 2.0.2 | 259.00 | NOTE | |||
r-release-windows-x86_64 | 2.0.2 | 324.00 | 303.00 | 627.00 | NOTE | |
r-oldrel-macos-arm64 | 2.0.2 | 169.00 | NOTE | |||
r-oldrel-windows-x86_64 | 2.0.2 | 313.00 | 284.00 | 597.00 | NOTE |
Version: 2.0.2
Check: Rd files
Result: NOTE
checkRd: (-1) simgl.Rd:50: Lost braces; missing escapes or markup?
50 | Uses the {updog} R package for simulating read counts and generating
| ^
Flavors: r-devel-linux-x86_64-debian-clang, r-devel-linux-x86_64-debian-gcc, r-devel-linux-x86_64-fedora-clang, r-devel-linux-x86_64-fedora-gcc, r-prerel-macos-arm64, r-prerel-windows-x86_64, r-patched-linux-x86_64
Version: 2.0.2
Check: for GNU extensions in Makefiles
Result: NOTE
GNU make is a SystemRequirements.
Flavors: r-devel-linux-x86_64-debian-clang, r-devel-linux-x86_64-debian-gcc, r-devel-linux-x86_64-fedora-clang, r-devel-linux-x86_64-fedora-gcc, r-prerel-macos-arm64, r-prerel-windows-x86_64, r-patched-linux-x86_64, r-release-macos-arm64, r-release-macos-x86_64, r-release-windows-x86_64, r-oldrel-macos-arm64, r-oldrel-windows-x86_64
Version: 2.0.2
Check: installed package size
Result: NOTE
installed size is 50.2Mb
sub-directories of 1Mb or more:
libs 49.6Mb
Flavors: r-prerel-macos-arm64, r-release-macos-arm64, r-release-macos-x86_64, r-oldrel-macos-arm64
Version: 2.0.2
Check: whether package can be installed
Result: ERROR
Installation failed.
Flavor: r-release-linux-x86_64