Last updated on 2023-09-29 19:58:36 CEST.
Flavor | Version | Tinstall | Tcheck | Ttotal | Status | Flags |
---|---|---|---|---|---|---|
r-devel-linux-x86_64-debian-clang | 5.5.2 | 15.37 | 214.48 | 229.85 | OK | |
r-devel-linux-x86_64-debian-gcc | 5.5.2 | 14.11 | 169.30 | 183.41 | OK | |
r-devel-linux-x86_64-fedora-clang | 5.5.2 | 312.74 | NOTE | |||
r-devel-linux-x86_64-fedora-gcc | 5.5.2 | 328.46 | NOTE | |||
r-devel-windows-x86_64 | 5.5.2 | 15.00 | 208.00 | 223.00 | OK | |
r-patched-linux-x86_64 | 5.5.2 | 16.52 | 218.79 | 235.31 | OK | |
r-release-linux-x86_64 | 5.5.2 | 17.32 | 219.64 | 236.96 | OK | |
r-release-macos-arm64 | 5.5.2 | 97.00 | OK | |||
r-release-macos-x86_64 | 5.5.2 | 159.00 | OK | |||
r-release-windows-x86_64 | 5.5.2 | 24.00 | 250.00 | 274.00 | OK | |
r-oldrel-macos-arm64 | 5.5.2 | 88.00 | OK | |||
r-oldrel-macos-x86_64 | 5.5.2 | 110.00 | NOTE | |||
r-oldrel-windows-x86_64 | 5.5.2 | 22.00 | 238.00 | 260.00 | OK |
Version: 5.5.2
Check: dependencies in R code
Result: NOTE
Namespaces in Imports field not imported from:
‘R6’ ‘xml2’
All declared Imports should be used.
Flavors: r-devel-linux-x86_64-fedora-clang, r-devel-linux-x86_64-fedora-gcc, r-oldrel-macos-x86_64