Last updated on 2023-11-28 18:49:20 CET.
Flavor | Version | Tinstall | Tcheck | Ttotal | Status | Flags |
---|---|---|---|---|---|---|
r-devel-linux-x86_64-debian-clang | 4.2.1 | 4.19 | 67.38 | 71.57 | NOTE | |
r-devel-linux-x86_64-debian-gcc | 4.2.1 | 3.19 | 51.40 | 54.59 | NOTE | |
r-devel-linux-x86_64-fedora-clang | 4.2.1 | 94.25 | NOTE | |||
r-devel-linux-x86_64-fedora-gcc | 4.2.1 | 96.92 | NOTE | |||
r-devel-windows-x86_64 | 4.2.1 | 5.00 | 77.00 | 82.00 | NOTE | |
r-patched-linux-x86_64 | 4.2.1 | 5.09 | 64.19 | 69.28 | OK | |
r-release-linux-x86_64 | 4.2.1 | 3.30 | 64.93 | 68.23 | OK | |
r-release-macos-arm64 | 4.2.1 | 41.00 | OK | |||
r-release-macos-x86_64 | 4.2.1 | 131.00 | OK | |||
r-release-windows-x86_64 | 4.2.1 | 6.00 | 89.00 | 95.00 | OK | |
r-oldrel-macos-arm64 | 4.2.1 | 69.00 | OK | |||
r-oldrel-macos-x86_64 | 4.2.1 | 56.00 | OK | |||
r-oldrel-windows-x86_64 | 4.2.1 | 6.00 | 93.00 | 99.00 | OK |
Version: 4.2.1
Check: Rd \usage sections
Result: NOTE
Documented arguments not in \usage in Rd file 'as-redactor.Rd':
‘expr’
Functions with \usage entries need to have the appropriate \alias
entries, and all their arguments documented.
The \usage entries must correspond to syntactically valid R code.
See chapter ‘Writing R documentation files’ in the ‘Writing R
Extensions’ manual.
Flavors: r-devel-linux-x86_64-debian-clang, r-devel-linux-x86_64-debian-gcc, r-devel-linux-x86_64-fedora-clang, r-devel-linux-x86_64-fedora-gcc, r-devel-windows-x86_64