Last updated on 2024-04-23 19:50:47 CEST.
Flavor | Version | Tinstall | Tcheck | Ttotal | Status | Flags |
---|---|---|---|---|---|---|
r-devel-linux-x86_64-debian-clang | 2.3.1 | 35.99 | 621.74 | 657.73 | OK | |
r-devel-linux-x86_64-debian-gcc | 2.3.1 | 26.03 | 536.01 | 562.04 | OK | |
r-devel-linux-x86_64-fedora-clang | 2.3.1 | 951.92 | NOTE | |||
r-devel-linux-x86_64-fedora-gcc | 2.3.1 | 930.50 | OK | |||
r-prerel-macos-arm64 | 2.3.1 | 264.00 | NOTE | |||
r-prerel-macos-x86_64 | 2.3.1 | 700.00 | NOTE | |||
r-prerel-windows-x86_64 | 2.3.1 | 38.00 | 615.00 | 653.00 | NOTE | |
r-patched-linux-x86_64 | 2.3.1 | 35.60 | 567.86 | 603.46 | OK | |
r-release-linux-x86_64 | 2.3.1 | 29.32 | 647.22 | 676.54 | OK | |
r-release-macos-arm64 | 2.3.1 | 256.00 | NOTE | |||
r-release-macos-x86_64 | 2.3.1 | 722.00 | NOTE | |||
r-release-windows-x86_64 | 2.3.1 | 47.00 | 782.00 | 829.00 | NOTE | |
r-oldrel-macos-arm64 | 2.3.1 | 236.00 | NOTE | |||
r-oldrel-windows-x86_64 | 2.3.1 | 46.00 | 732.00 | 778.00 | NOTE |
Version: 2.3.1
Check: installed package size
Result: NOTE
installed size is 6.2Mb
sub-directories of 1Mb or more:
data 1.8Mb
doc 2.3Mb
help 1.1Mb
Flavors: r-devel-linux-x86_64-fedora-clang, r-prerel-macos-arm64, r-prerel-macos-x86_64, r-prerel-windows-x86_64, r-release-macos-arm64, r-release-macos-x86_64, r-release-windows-x86_64, r-oldrel-macos-arm64, r-oldrel-windows-x86_64