CRAN Package Check Results for Package htdp

Last updated on 2023-05-29 20:00:25 CEST.

Flavor Version Tinstall Tcheck Ttotal Status Flags
r-devel-linux-x86_64-debian-clang 0.1.4 46.27 27.24 73.51 NOTE
r-devel-linux-x86_64-debian-gcc 0.1.4 34.81 21.37 56.18 NOTE
r-devel-linux-x86_64-fedora-clang 0.1.4 145.98 NOTE
r-devel-linux-x86_64-fedora-gcc 0.1.4 142.78 NOTE
r-devel-windows-x86_64 0.1.4 49.00 61.00 110.00 NOTE
r-patched-linux-x86_64 0.1.4 36.11 26.96 63.07 NOTE
r-release-linux-x86_64 0.1.4 32.10 26.55 58.65 NOTE
r-release-macos-arm64 0.1.4 46.00 NOTE
r-release-macos-x86_64 0.1.4 82.00 NOTE
r-release-windows-x86_64 0.1.4 64.00 71.00 135.00 NOTE
r-oldrel-macos-arm64 0.1.4 45.00 NOTE
r-oldrel-macos-x86_64 0.1.4 41.00 NOTE
r-oldrel-windows-x86_64 0.1.4 56.00 67.00 123.00 NOTE

Check Details

Version: 0.1.4
Check: LazyData
Result: NOTE
     'LazyData' is specified without a 'data' directory
Flavors: r-devel-linux-x86_64-debian-clang, r-devel-linux-x86_64-debian-gcc, r-devel-linux-x86_64-fedora-clang, r-devel-linux-x86_64-fedora-gcc, r-devel-windows-x86_64, r-patched-linux-x86_64, r-release-linux-x86_64, r-release-macos-arm64, r-release-macos-x86_64, r-release-windows-x86_64, r-oldrel-macos-arm64, r-oldrel-macos-x86_64, r-oldrel-windows-x86_64

Version: 0.1.4
Check: compiled code
Result: NOTE
    File ‘htdp/libs/htdp.so’:
     Found no calls to: ‘R_registerRoutines’, ‘R_useDynamicSymbols’
    
    It is good practice to register native routines and to disable symbol
    search.
    
    See ‘Writing portable packages’ in the ‘Writing R Extensions’ manual.
Flavors: r-devel-linux-x86_64-fedora-clang, r-devel-linux-x86_64-fedora-gcc