Last updated on 2024-04-25 20:48:25 CEST.
Flavor | Version | Tinstall | Tcheck | Ttotal | Status | Flags |
---|---|---|---|---|---|---|
r-devel-linux-x86_64-debian-clang | 1.0.1 | 52.42 | 37.40 | 89.82 | OK | |
r-devel-linux-x86_64-debian-gcc | 1.0.1 | 39.40 | 30.44 | 69.84 | OK | |
r-devel-linux-x86_64-fedora-clang | 1.0.1 | 123.98 | OK | |||
r-devel-linux-x86_64-fedora-gcc | 1.0.1 | 123.05 | OK | |||
r-devel-windows-x86_64 | 1.0.1 | 38.00 | 69.00 | 107.00 | OK | |
r-patched-linux-x86_64 | 1.0.1 | 51.16 | 39.14 | 90.30 | OK | |
r-release-linux-x86_64 | 1.0.1 | 53.60 | 39.32 | 92.92 | OK | |
r-release-macos-arm64 | 1.0.1 | 28.00 | NOTE | |||
r-release-windows-x86_64 | 1.0.1 | 38.00 | 67.00 | 105.00 | OK | |
r-oldrel-macos-arm64 | 1.0.1 | 36.00 | NOTE | |||
r-oldrel-macos-x86_64 | 1.0.1 | 53.00 | NOTE | |||
r-oldrel-windows-x86_64 | 1.0.1 | 47.00 | 76.00 | 123.00 | OK |
Version: 1.0.1
Check: installed package size
Result: NOTE
installed size is 5.3Mb
sub-directories of 1Mb or more:
libs 5.2Mb
Flavors: r-release-macos-arm64, r-oldrel-macos-arm64, r-oldrel-macos-x86_64