CRAN Package Check Results for Package hrqglas

Last updated on 2023-06-08 19:54:11 CEST.

Flavor Version Tinstall Tcheck Ttotal Status Flags
r-devel-linux-x86_64-debian-clang 1.1.0 8.50 70.68 79.18 OK
r-devel-linux-x86_64-debian-gcc 1.1.0 7.87 55.11 62.98 OK
r-devel-linux-x86_64-fedora-clang 1.1.0 100.84 NOTE
r-devel-linux-x86_64-fedora-gcc 1.1.0 96.57 NOTE
r-devel-windows-x86_64 1.1.0 11.00 70.00 81.00 OK
r-patched-linux-x86_64 1.1.0 10.00 69.96 79.96 OK
r-release-linux-x86_64 1.1.0 10.13 68.58 78.71 OK
r-release-macos-arm64 1.1.0 36.00 OK
r-release-macos-x86_64 1.1.0 50.00 OK
r-release-windows-x86_64 1.1.0 12.00 81.00 93.00 OK
r-oldrel-macos-arm64 1.1.0 34.00 OK
r-oldrel-macos-x86_64 1.1.0 45.00 OK
r-oldrel-windows-x86_64 1.1.0 12.00 82.00 94.00 OK

Check Details

Version: 1.1.0
Check: dependencies in R code
Result: NOTE
    Namespaces in Imports field not imported from:
     ‘Rcpp’ ‘quantreg’
     All declared Imports should be used.
Flavors: r-devel-linux-x86_64-fedora-clang, r-devel-linux-x86_64-fedora-gcc