Last updated on 2023-06-07 20:04:42 CEST.
Flavor | Version | Tinstall | Tcheck | Ttotal | Status | Flags |
---|---|---|---|---|---|---|
r-devel-linux-x86_64-debian-clang | 0.11.5 | 51.32 | 131.25 | 182.57 | NOTE | |
r-devel-linux-x86_64-debian-gcc | 0.11.5 | 39.57 | 102.21 | 141.78 | NOTE | |
r-devel-linux-x86_64-fedora-clang | 0.11.5 | 246.61 | NOTE | |||
r-devel-linux-x86_64-fedora-gcc | 0.11.5 | 256.02 | NOTE | |||
r-devel-windows-x86_64 | 0.11.5 | 39.00 | 138.00 | 177.00 | NOTE | |
r-patched-linux-x86_64 | 0.11.5 | 40.01 | 128.65 | 168.66 | NOTE | |
r-release-linux-x86_64 | 0.11.5 | 34.01 | 128.76 | 162.77 | NOTE | |
r-release-macos-arm64 | 0.11.5 | 83.00 | NOTE | |||
r-release-macos-x86_64 | 0.11.5 | 140.00 | NOTE | |||
r-release-windows-x86_64 | 0.11.5 | 47.00 | 172.00 | 219.00 | NOTE | |
r-oldrel-macos-arm64 | 0.11.5 | 75.00 | NOTE | |||
r-oldrel-macos-x86_64 | 0.11.5 | 101.00 | NOTE | |||
r-oldrel-windows-x86_64 | 0.11.5 | 47.00 | 165.00 | 212.00 | OK |
Version: 0.11.5
Check: C++ specification
Result: NOTE
Specified C++11: please drop specification unless essential
Flavors: r-devel-linux-x86_64-debian-clang, r-devel-linux-x86_64-debian-gcc, r-devel-linux-x86_64-fedora-clang, r-devel-linux-x86_64-fedora-gcc, r-devel-windows-x86_64, r-patched-linux-x86_64, r-release-linux-x86_64, r-release-macos-arm64, r-release-macos-x86_64, r-release-windows-x86_64
Version: 0.11.5
Check: installed package size
Result: NOTE
installed size is 10.8Mb
sub-directories of 1Mb or more:
libs 10.1Mb
Flavors: r-release-macos-arm64, r-release-macos-x86_64, r-oldrel-macos-arm64, r-oldrel-macos-x86_64