Last updated on 2023-05-28 20:03:59 CEST.
Flavor | Version | Tinstall | Tcheck | Ttotal | Status | Flags |
---|---|---|---|---|---|---|
r-devel-linux-x86_64-debian-clang | 0.2.5 | 28.15 | 344.09 | 372.24 | OK | |
r-devel-linux-x86_64-debian-gcc | 0.2.5 | 23.15 | 234.31 | 257.46 | OK | |
r-devel-linux-x86_64-fedora-clang | 0.2.5 | 444.80 | OK | |||
r-devel-linux-x86_64-fedora-gcc | 0.2.5 | 451.79 | OK | |||
r-devel-windows-x86_64 | 0.2.5 | 24.00 | 205.00 | 229.00 | OK | |
r-patched-linux-x86_64 | 0.2.5 | 34.26 | 316.06 | 350.32 | OK | |
r-release-linux-x86_64 | 0.2.5 | 30.06 | 316.76 | 346.82 | OK | |
r-release-macos-arm64 | 0.2.5 | 107.00 | OK | |||
r-release-macos-x86_64 | 0.2.1 | 180.00 | NOTE | |||
r-release-windows-x86_64 | 0.2.5 | 32.00 | 268.00 | 300.00 | OK | |
r-oldrel-macos-arm64 | 0.2.5 | 95.00 | OK | |||
r-oldrel-macos-x86_64 | 0.2.5 | 123.00 | OK | |||
r-oldrel-windows-x86_64 | 0.2.5 | 32.00 | 249.00 | 281.00 | OK |
Version: 0.2.1
Check: package dependencies
Result: NOTE
Package suggested but not available for checking: ‘ROI.plugin.mosek’
Flavor: r-release-macos-x86_64