Last updated on 2023-06-10 08:53:17 CEST.
Flavor | Version | Tinstall | Tcheck | Ttotal | Status | Flags |
---|---|---|---|---|---|---|
r-devel-linux-x86_64-debian-clang | 0.9.4-2 | 33.56 | 315.58 | 349.14 | OK | |
r-devel-linux-x86_64-debian-gcc | 0.9.4-2 | 27.15 | 236.72 | 263.87 | OK | |
r-devel-linux-x86_64-fedora-clang | 0.9.4-2 | 442.60 | NOTE | |||
r-devel-linux-x86_64-fedora-gcc | 0.9.4-2 | 429.09 | NOTE | |||
r-devel-windows-x86_64 | 0.9.4-2 | 29.00 | 224.00 | 253.00 | OK | |
r-patched-linux-x86_64 | 0.9.4-2 | 32.32 | 289.42 | 321.74 | OK | |
r-release-linux-x86_64 | 0.9.4-2 | 29.66 | 291.19 | 320.85 | OK | |
r-release-macos-arm64 | 0.9.4-2 | 8.00 | ERROR | |||
r-release-macos-x86_64 | 0.9.4-2 | 222.00 | OK | |||
r-release-windows-x86_64 | 0.9.4-2 | 36.00 | 288.00 | 324.00 | OK | |
r-oldrel-macos-arm64 | 0.9.4-2 | 93.00 | NOTE | |||
r-oldrel-macos-x86_64 | 0.9.4-2 | 11.00 | ERROR | |||
r-oldrel-windows-x86_64 | 0.9.4-2 | 37.00 | 262.00 | 299.00 | OK |
Version: 0.9.4-2
Check: dependencies in R code
Result: NOTE
Namespaces in Imports field not imported from:
‘knitr’ ‘rmarkdown’
All declared Imports should be used.
Flavors: r-devel-linux-x86_64-fedora-clang, r-devel-linux-x86_64-fedora-gcc, r-oldrel-macos-arm64
Version: 0.9.4-2
Check: whether package can be installed
Result: ERROR
Installation failed.
Flavor: r-release-macos-arm64
Version: 0.9.4-2
Check: package dependencies
Result: ERROR
Package required but not available: ‘bamsignals’
See section ‘The DESCRIPTION file’ in the ‘Writing R Extensions’
manual.
Flavor: r-oldrel-macos-x86_64