Last updated on 2023-06-08 08:55:23 CEST.
Flavor | Version | Tinstall | Tcheck | Ttotal | Status | Flags |
---|---|---|---|---|---|---|
r-devel-linux-x86_64-debian-clang | 1.3.1 | 105.04 | 66.84 | 171.88 | OK | |
r-devel-linux-x86_64-debian-gcc | 1.3.1 | 84.00 | 50.63 | 134.63 | OK | |
r-devel-linux-x86_64-fedora-clang | 1.3.1 | 244.37 | OK | |||
r-devel-linux-x86_64-fedora-gcc | 1.3.1 | 245.47 | OK | |||
r-devel-windows-x86_64 | 1.3.1 | 81.00 | 91.00 | 172.00 | OK | |
r-patched-linux-x86_64 | 1.3.1 | 69.27 | 61.42 | 130.69 | OK | |
r-release-linux-x86_64 | 1.3.1 | 86.83 | 62.85 | 149.68 | OK | |
r-release-macos-arm64 | 1.3.1 | 64.00 | NOTE | |||
r-release-macos-x86_64 | 1.3.1 | 102.00 | NOTE | |||
r-release-windows-x86_64 | 1.3.1 | 105.00 | 107.00 | 212.00 | OK | |
r-oldrel-macos-arm64 | 1.3.1 | 46.00 | NOTE | |||
r-oldrel-macos-x86_64 | 1.3.1 | 77.00 | NOTE | |||
r-oldrel-windows-x86_64 | 1.3.1 | 94.00 | 104.00 | 198.00 | OK |
Version: 1.3.1
Check: installed package size
Result: NOTE
installed size is 6.1Mb
sub-directories of 1Mb or more:
help 2.3Mb
libs 2.7Mb
Flavors: r-release-macos-arm64, r-release-macos-x86_64, r-oldrel-macos-arm64, r-oldrel-macos-x86_64