Last updated on 2023-11-28 07:53:04 CET.
Flavor | Version | Tinstall | Tcheck | Ttotal | Status | Flags |
---|---|---|---|---|---|---|
r-devel-linux-x86_64-debian-clang | 0.2.3 | 150.15 | 51.53 | 201.68 | NOTE | |
r-devel-linux-x86_64-debian-gcc | 0.2.3 | 108.40 | 38.74 | 147.14 | NOTE | |
r-devel-linux-x86_64-fedora-clang | 0.2.3 | 309.90 | WARN | |||
r-devel-linux-x86_64-fedora-gcc | 0.2.3 | 289.98 | NOTE | |||
r-devel-windows-x86_64 | 0.2.3 | 132.00 | 79.00 | 211.00 | NOTE | |
r-patched-linux-x86_64 | 0.2.3 | 127.04 | 49.32 | 176.36 | NOTE | |
r-release-linux-x86_64 | 0.2.3 | 136.97 | 49.27 | 186.24 | NOTE | |
r-release-macos-arm64 | 0.2.3 | 72.00 | NOTE | |||
r-release-macos-x86_64 | 0.2.3 | 120.00 | NOTE | |||
r-release-windows-x86_64 | 0.2.3 | 173.00 | 92.00 | 265.00 | NOTE | |
r-oldrel-macos-arm64 | 0.2.3 | 74.00 | NOTE | |||
r-oldrel-macos-x86_64 | 0.2.3 | 90.00 | OK | |||
r-oldrel-windows-x86_64 | 0.2.3 | 168.00 | 91.00 | 259.00 | OK |
Version: 0.2.3
Check: C++ specification
Result: NOTE
Specified C++11: please drop specification unless essential
Flavors: r-devel-linux-x86_64-debian-clang, r-devel-linux-x86_64-debian-gcc, r-devel-linux-x86_64-fedora-clang, r-devel-linux-x86_64-fedora-gcc, r-devel-windows-x86_64, r-patched-linux-x86_64, r-release-linux-x86_64, r-release-macos-arm64, r-release-macos-x86_64, r-release-windows-x86_64
Version: 0.2.3
Check: whether package can be installed
Result: WARN
Found the following significant warnings:
column.cpp:174:18: warning: format string is not a string literal (potentially insecure) [-Wformat-security]
See ‘/data/gannet/ripley/R/packages/tests-clang/hipread.Rcheck/00install.out’ for details.
* used C++ compiler: ‘clang version 17.0.5’
Flavor: r-devel-linux-x86_64-fedora-clang
Version: 0.2.3
Check: installed package size
Result: NOTE
installed size is 5.2Mb
sub-directories of 1Mb or more:
libs 4.8Mb
Flavors: r-release-macos-arm64, r-oldrel-macos-arm64