Last updated on 2023-06-09 19:56:25 CEST.
Flavor | Version | Tinstall | Tcheck | Ttotal | Status | Flags |
---|---|---|---|---|---|---|
r-devel-linux-x86_64-debian-clang | 0.1-10 | 550.13 | 32.10 | 582.23 | NOTE | |
r-devel-linux-x86_64-debian-gcc | 0.1-10 | 737.14 | 25.59 | 762.73 | NOTE | |
r-devel-linux-x86_64-fedora-clang | 0.1-10 | 1093.05 | NOTE | |||
r-devel-linux-x86_64-fedora-gcc | 0.1-10 | 1371.88 | NOTE | |||
r-devel-windows-x86_64 | 0.1-10 | 476.00 | 87.00 | 563.00 | NOTE | |
r-patched-linux-x86_64 | 0.1-10 | 766.66 | 31.55 | 798.21 | NOTE | |
r-release-linux-x86_64 | 0.1-10 | 774.42 | 31.86 | 806.28 | NOTE | |
r-release-macos-arm64 | 0.1-10 | 237.00 | NOTE | |||
r-release-macos-x86_64 | 0.1-6 | 406.00 | NOTE | |||
r-release-windows-x86_64 | 0.1-10 | 535.00 | 101.00 | 636.00 | NOTE | |
r-oldrel-macos-arm64 | 0.1-10 | 230.00 | NOTE | |||
r-oldrel-macos-x86_64 | 0.1-10 | 267.00 | NOTE | |||
r-oldrel-windows-x86_64 | 0.1-10 | 644.00 | 87.00 | 731.00 | OK |
Version: 0.1-10
Check: C++ specification
Result: NOTE
Specified C++11: please drop specification unless essential
Flavors: r-devel-linux-x86_64-debian-clang, r-devel-linux-x86_64-debian-gcc, r-devel-linux-x86_64-fedora-clang, r-devel-linux-x86_64-fedora-gcc, r-devel-windows-x86_64, r-patched-linux-x86_64, r-release-linux-x86_64, r-release-macos-arm64, r-release-windows-x86_64
Version: 0.1-10
Check: installed package size
Result: NOTE
installed size is 48.5Mb
sub-directories of 1Mb or more:
libs 48.4Mb
Flavors: r-release-macos-arm64, r-oldrel-macos-arm64, r-oldrel-macos-x86_64
Version: 0.1-6
Check: C++ specification
Result: NOTE
Specified C++11: please drop specification unless essential
Flavor: r-release-macos-x86_64
Version: 0.1-6
Check: installed package size
Result: NOTE
installed size is 44.5Mb
sub-directories of 1Mb or more:
libs 44.4Mb
Flavor: r-release-macos-x86_64