Last updated on 2024-03-29 07:54:45 CET.
Flavor | Version | Tinstall | Tcheck | Ttotal | Status | Flags |
---|---|---|---|---|---|---|
r-devel-linux-x86_64-debian-clang | 0.9.4 | 15.40 | 138.43 | 153.83 | OK | |
r-devel-linux-x86_64-debian-gcc | 0.9.4 | 12.11 | 103.37 | 115.48 | OK | |
r-devel-linux-x86_64-fedora-clang | 0.9.4 | 192.77 | NOTE | |||
r-devel-linux-x86_64-fedora-gcc | 0.9.4 | 182.23 | NOTE | |||
r-devel-windows-x86_64 | 0.9.4 | 16.00 | 147.00 | 163.00 | OK | |
r-patched-linux-x86_64 | 0.9.4 | 14.90 | 135.65 | 150.55 | OK | |
r-release-linux-x86_64 | 0.9.4 | 14.91 | 136.54 | 151.45 | OK | |
r-release-macos-arm64 | 0.9.4 | 61.00 | OK | |||
r-release-macos-x86_64 | 0.9.4 | 97.00 | NOTE | |||
r-release-windows-x86_64 | 0.9.4 | 18.00 | 178.00 | 196.00 | OK | |
r-oldrel-macos-arm64 | 0.9.4 | 57.00 | NOTE | |||
r-oldrel-windows-x86_64 | 0.9.4 | 20.00 | 165.00 | 185.00 | OK |
Version: 0.9.4
Check: data for non-ASCII characters
Result: NOTE
Note: found 11 marked UTF-8 strings
Flavors: r-devel-linux-x86_64-fedora-clang, r-devel-linux-x86_64-fedora-gcc, r-oldrel-macos-arm64
Version: 0.9.4
Check: package dependencies
Result: NOTE
Package suggested but not available for checking: ‘geojsonio’
Flavor: r-release-macos-x86_64