Last updated on 2023-12-05 07:48:33 CET.
Flavor | Version | Tinstall | Tcheck | Ttotal | Status | Flags |
---|---|---|---|---|---|---|
r-devel-linux-x86_64-debian-clang | 0.1.1 | 14.33 | 166.82 | 181.15 | OK | |
r-devel-linux-x86_64-debian-gcc | 0.1.1 | 9.84 | 140.78 | 150.62 | OK | |
r-devel-linux-x86_64-fedora-clang | 0.1.1 | 231.18 | OK | |||
r-devel-linux-x86_64-fedora-gcc | 0.1.1 | 238.19 | OK | |||
r-devel-windows-x86_64 | 0.1.1 | 14.00 | 154.00 | 168.00 | OK | |
r-patched-linux-x86_64 | 0.1.1 | 8.74 | 168.02 | 176.76 | OK | |
r-release-linux-x86_64 | 0.1.1 | 9.44 | 165.31 | 174.75 | OK | |
r-release-macos-arm64 | 0.1.1 | 91.00 | OK | |||
r-release-macos-x86_64 | 0.1.1 | 137.00 | OK | |||
r-release-windows-x86_64 | 0.1.1 | 17.00 | 188.00 | 205.00 | OK | |
r-oldrel-macos-arm64 | 0.1.1 | 63.00 | OK | |||
r-oldrel-macos-x86_64 | 0.1.1 | 11.00 | ERROR | |||
r-oldrel-windows-x86_64 | 0.1.1 | 17.00 | 192.00 | 209.00 | OK |
Version: 0.1.1
Check: package dependencies
Result: ERROR
Package required and available but unsuitable version: ‘fitHeavyTail’
See section ‘The DESCRIPTION file’ in the ‘Writing R Extensions’
manual.
Flavor: r-oldrel-macos-x86_64