Last updated on 2024-04-24 07:57:42 CEST.
Flavor | Version | Tinstall | Tcheck | Ttotal | Status | Flags |
---|---|---|---|---|---|---|
r-devel-linux-x86_64-debian-clang | 3.0.3 | 234.57 | 95.03 | 329.60 | OK | |
r-devel-linux-x86_64-debian-gcc | 3.0.3 | 189.92 | 69.97 | 259.89 | OK | |
r-devel-linux-x86_64-fedora-clang | 3.0.3 | 455.58 | OK | |||
r-devel-linux-x86_64-fedora-gcc | 3.0.3 | 477.13 | OK | |||
r-prerel-macos-arm64 | 3.0.3 | 90.00 | NOTE | |||
r-prerel-macos-x86_64 | 3.0.3 | 151.00 | NOTE | |||
r-prerel-windows-x86_64 | 3.0.3 | 183.00 | 112.00 | 295.00 | OK | |
r-patched-linux-x86_64 | 3.0.3 | 242.87 | 90.39 | 333.26 | OK | |
r-release-linux-x86_64 | 3.0.3 | 231.80 | 91.06 | 322.86 | OK | |
r-release-macos-arm64 | 3.0.3 | 97.00 | NOTE | |||
r-release-macos-x86_64 | 3.0.3 | 140.00 | NOTE | |||
r-release-windows-x86_64 | 3.0.3 | 234.00 | 131.00 | 365.00 | OK | |
r-oldrel-macos-arm64 | 3.0.3 | 94.00 | NOTE | |||
r-oldrel-windows-x86_64 | 3.0.3 | 217.00 | 125.00 | 342.00 | OK |
Version: 3.0.3
Check: installed package size
Result: NOTE
installed size is 10.9Mb
sub-directories of 1Mb or more:
libs 10.4Mb
Flavors: r-prerel-macos-arm64, r-prerel-macos-x86_64, r-release-macos-arm64, r-release-macos-x86_64, r-oldrel-macos-arm64