Last updated on 2024-03-29 07:54:45 CET.
Flavor | Version | Tinstall | Tcheck | Ttotal | Status | Flags |
---|---|---|---|---|---|---|
r-devel-linux-x86_64-debian-clang | 0.6 | 11.48 | 123.56 | 135.04 | NOTE | |
r-devel-linux-x86_64-debian-gcc | 0.6 | 8.83 | 91.09 | 99.92 | NOTE | |
r-devel-linux-x86_64-fedora-clang | 0.6 | 165.60 | NOTE | |||
r-devel-linux-x86_64-fedora-gcc | 0.6 | 159.85 | NOTE | |||
r-devel-windows-x86_64 | 0.6 | 10.00 | 114.00 | 124.00 | NOTE | |
r-patched-linux-x86_64 | 0.6 | 7.58 | 118.45 | 126.03 | NOTE | |
r-release-linux-x86_64 | 0.6 | 7.51 | 119.73 | 127.24 | OK | |
r-release-macos-arm64 | 0.6 | 55.00 | NOTE | |||
r-release-macos-x86_64 | 0.6 | 99.00 | NOTE | |||
r-release-windows-x86_64 | 0.6 | 14.00 | 144.00 | 158.00 | OK | |
r-oldrel-macos-arm64 | 0.6 | 59.00 | NOTE | |||
r-oldrel-windows-x86_64 | 0.6 | 15.00 | 141.00 | 156.00 | OK |
Version: 0.6
Check: Rd files
Result: NOTE
checkRd: (-1) hero.Rd:67-68: Lost braces
67 | then \code{\link[pbapply]{pblapply}} is used. If code{package ==
| ^
checkRd: (-1) hero.Rd:69: Lost braces
69 | code{package == "Rmpi"}, then \code{\link[Rmpi]{mpi.applyLB}} is used.}
| ^
Flavors: r-devel-linux-x86_64-debian-clang, r-devel-linux-x86_64-debian-gcc, r-devel-linux-x86_64-fedora-clang, r-devel-linux-x86_64-fedora-gcc, r-devel-windows-x86_64, r-patched-linux-x86_64
Version: 0.6
Check: package dependencies
Result: NOTE
Package suggested but not available for checking: ‘Rmpi’
Flavors: r-release-macos-arm64, r-release-macos-x86_64, r-oldrel-macos-arm64
Version: 0.6
Check: Rd cross-references
Result: NOTE
Package unavailable to check Rd xrefs: ‘Rmpi’
Flavors: r-release-macos-arm64, r-release-macos-x86_64, r-oldrel-macos-arm64