Last updated on 2024-03-29 07:54:45 CET.
Flavor | Version | Tinstall | Tcheck | Ttotal | Status | Flags |
---|---|---|---|---|---|---|
r-devel-linux-x86_64-debian-clang | 1.6.2 | 13.26 | 151.66 | 164.92 | OK | |
r-devel-linux-x86_64-debian-gcc | 1.6.2 | 10.26 | 117.21 | 127.47 | OK | |
r-devel-linux-x86_64-fedora-clang | 1.6.2 | 205.17 | NOTE | |||
r-devel-linux-x86_64-fedora-gcc | 1.6.2 | 226.68 | OK | |||
r-devel-windows-x86_64 | 1.6.2 | 13.00 | 143.00 | 156.00 | OK | |
r-patched-linux-x86_64 | 1.6.2 | 10.81 | 148.77 | 159.58 | OK | |
r-release-linux-x86_64 | 1.6.2 | 11.62 | 146.62 | 158.24 | OK | |
r-release-macos-arm64 | 1.6.2 | 65.00 | OK | |||
r-release-macos-x86_64 | 1.6.2 | 106.00 | OK | |||
r-release-windows-x86_64 | 1.6.2 | 14.00 | 172.00 | 186.00 | OK | |
r-oldrel-macos-arm64 | 1.6.2 | 55.00 | OK | |||
r-oldrel-windows-x86_64 | 1.6.2 | 16.00 | 161.00 | 177.00 | OK |
Version: 1.6.2
Check: Rd cross-references
Result: NOTE
Undeclared packages ‘Sleuth2’, ‘rrcov’, ‘archdata’, ‘qqtest’ in Rd xrefs
Flavor: r-devel-linux-x86_64-fedora-clang