Last updated on 2024-04-26 19:49:13 CEST.
Flavor | Version | Tinstall | Tcheck | Ttotal | Status | Flags |
---|---|---|---|---|---|---|
r-devel-linux-x86_64-debian-clang | 1.0.0 | 19.34 | 161.39 | 180.73 | NOTE | |
r-devel-linux-x86_64-debian-gcc | 1.0.0 | 14.30 | 112.33 | 126.63 | NOTE | |
r-devel-linux-x86_64-fedora-clang | 1.0.0 | 221.13 | NOTE | |||
r-devel-linux-x86_64-fedora-gcc | 1.0.0 | 203.51 | NOTE | |||
r-devel-windows-x86_64 | 1.0.0 | 17.00 | 119.00 | 136.00 | NOTE | |
r-patched-linux-x86_64 | 1.0.0 | 21.56 | 151.56 | 173.12 | NOTE | |
r-release-linux-x86_64 | 1.0.0 | 14.11 | 153.77 | 167.88 | OK | |
r-release-macos-arm64 | 1.0.0 | 56.00 | NOTE | |||
r-release-windows-x86_64 | 1.0.0 | 15.00 | 116.00 | 131.00 | NOTE | |
r-oldrel-macos-arm64 | 1.0.0 | 68.00 | OK | |||
r-oldrel-macos-x86_64 | 1.0.0 | 100.00 | OK | |||
r-oldrel-windows-x86_64 | 1.0.0 | 21.00 | 146.00 | 167.00 | OK |
Version: 1.0.0
Check: Rd files
Result: NOTE
checkRd: (-1) mediate_bslmm.Rd:65-67: Lost braces in \itemize; \value handles \item{}{} directly
checkRd: (-1) mediate_bslmm.Rd:68-69: Lost braces in \itemize; \value handles \item{}{} directly
checkRd: (-1) mediate_hdma.Rd:49-50: Lost braces in \itemize; \value handles \item{}{} directly
checkRd: (-1) mediate_hdma.Rd:51-52: Lost braces in \itemize; \value handles \item{}{} directly
checkRd: (-1) mediate_hdmm.Rd:65-66: Lost braces in \itemize; \value handles \item{}{} directly
checkRd: (-1) mediate_hdmm.Rd:67-68: Lost braces in \itemize; \value handles \item{}{} directly
checkRd: (-1) mediate_hdmm.Rd:69-70: Lost braces in \itemize; \value handles \item{}{} directly
checkRd: (-1) mediate_hima.Rd:46-47: Lost braces in \itemize; \value handles \item{}{} directly
checkRd: (-1) mediate_hima.Rd:48-49: Lost braces in \itemize; \value handles \item{}{} directly
checkRd: (-1) mediate_medfix.Rd:52-53: Lost braces in \itemize; \value handles \item{}{} directly
checkRd: (-1) mediate_medfix.Rd:54-55: Lost braces in \itemize; \value handles \item{}{} directly
checkRd: (-1) mediate_pcma.Rd:53: Lost braces in \itemize; \value handles \item{}{} directly
checkRd: (-1) mediate_pcma.Rd:54: Lost braces in \itemize; \value handles \item{}{} directly
checkRd: (-1) mediate_pcma.Rd:56-57: Lost braces in \itemize; \value handles \item{}{} directly
checkRd: (-1) mediate_pcma.Rd:58-59: Lost braces in \itemize; \value handles \item{}{} directly
checkRd: (-1) mediate_plasso.Rd:58: Lost braces in \itemize; \value handles \item{}{} directly
checkRd: (-1) mediate_plasso.Rd:59: Lost braces in \itemize; \value handles \item{}{} directly
checkRd: (-1) mediate_plasso.Rd:60: Lost braces in \itemize; \value handles \item{}{} directly
checkRd: (-1) mediate_plasso.Rd:61: Lost braces in \itemize; \value handles \item{}{} directly
checkRd: (-1) mediate_plasso.Rd:62: Lost braces in \itemize; \value handles \item{}{} directly
checkRd: (-1) mediate_spcma.Rd:79: Lost braces in \itemize; \value handles \item{}{} directly
checkRd: (-1) mediate_spcma.Rd:80: Lost braces in \itemize; \value handles \item{}{} directly
checkRd: (-1) mediate_spcma.Rd:82-83: Lost braces in \itemize; \value handles \item{}{} directly
checkRd: (-1) mediate_spcma.Rd:84-85: Lost braces in \itemize; \value handles \item{}{} directly
Flavors: r-devel-linux-x86_64-debian-clang, r-devel-linux-x86_64-debian-gcc, r-devel-linux-x86_64-fedora-clang, r-devel-linux-x86_64-fedora-gcc, r-devel-windows-x86_64, r-patched-linux-x86_64, r-release-macos-arm64, r-release-windows-x86_64