Last updated on 2024-03-28 07:52:51 CET.
Flavor | Version | Tinstall | Tcheck | Ttotal | Status | Flags |
---|---|---|---|---|---|---|
r-devel-linux-x86_64-debian-clang | 1.0.3 | 164.30 | 109.07 | 273.37 | OK | |
r-devel-linux-x86_64-debian-gcc | 1.0.3 | 123.56 | 79.43 | 202.99 | OK | |
r-devel-linux-x86_64-fedora-clang | 1.0.3 | 372.37 | OK | |||
r-devel-linux-x86_64-fedora-gcc | 1.0.3 | 394.21 | OK | |||
r-devel-windows-x86_64 | 1.0.3 | 122.00 | 127.00 | 249.00 | OK | |
r-patched-linux-x86_64 | 1.0.3 | 112.18 | 100.72 | 212.90 | OK | |
r-release-linux-x86_64 | 1.0.3 | 114.91 | 100.63 | 215.54 | OK | |
r-release-macos-arm64 | 1.0.3 | 91.00 | NOTE | |||
r-release-macos-x86_64 | 1.0.3 | 124.00 | NOTE | |||
r-release-windows-x86_64 | 1.0.3 | 151.00 | 146.00 | 297.00 | OK | |
r-oldrel-macos-arm64 | 1.0.3 | 76.00 | NOTE | |||
r-oldrel-windows-x86_64 | 1.0.3 | 143.00 | 143.00 | 286.00 | OK |
Version: 1.0.3
Check: installed package size
Result: NOTE
installed size is 11.9Mb
sub-directories of 1Mb or more:
libs 11.4Mb
Flavors: r-release-macos-arm64, r-release-macos-x86_64, r-oldrel-macos-arm64