Last updated on 2024-03-29 07:54:45 CET.
Flavor | Version | Tinstall | Tcheck | Ttotal | Status | Flags |
---|---|---|---|---|---|---|
r-devel-linux-x86_64-debian-clang | 2.5.4 | 39.00 | 71.15 | 110.15 | NOTE | |
r-devel-linux-x86_64-debian-gcc | 2.5.4 | 31.21 | 54.68 | 85.89 | NOTE | |
r-devel-linux-x86_64-fedora-clang | 2.5.4 | 139.03 | NOTE | |||
r-devel-linux-x86_64-fedora-gcc | 2.5.4 | 159.54 | NOTE | |||
r-devel-windows-x86_64 | 2.5.4 | 54.00 | 95.00 | 149.00 | NOTE | |
r-patched-linux-x86_64 | 2.5.4 | 28.58 | 71.03 | 99.61 | NOTE | |
r-release-linux-x86_64 | 2.5.4 | 35.49 | 68.92 | 104.41 | NOTE | |
r-release-macos-arm64 | 2.5.4 | 56.00 | NOTE | |||
r-release-macos-x86_64 | 2.5.4 | 100.00 | NOTE | |||
r-release-windows-x86_64 | 2.5.4 | 69.00 | 111.00 | 180.00 | NOTE | |
r-oldrel-macos-arm64 | 2.5.4 | 47.00 | NOTE | |||
r-oldrel-windows-x86_64 | 2.5.4 | 57.00 | 108.00 | 165.00 | NOTE |
Version: 2.5.4
Check: for GNU extensions in Makefiles
Result: NOTE
GNU make is a SystemRequirements.
Flavors: r-devel-linux-x86_64-debian-clang, r-devel-linux-x86_64-debian-gcc, r-devel-linux-x86_64-fedora-clang, r-devel-linux-x86_64-fedora-gcc, r-devel-windows-x86_64, r-patched-linux-x86_64, r-release-linux-x86_64, r-release-macos-arm64, r-release-macos-x86_64, r-release-windows-x86_64, r-oldrel-macos-arm64, r-oldrel-windows-x86_64
Version: 2.5.4
Check: Rd cross-references
Result: NOTE
Undeclared package ‘dplyr’ in Rd xrefs
Flavor: r-devel-linux-x86_64-fedora-clang