Last updated on 2024-04-18 08:54:33 CEST.
Flavor | Version | Tinstall | Tcheck | Ttotal | Status | Flags |
---|---|---|---|---|---|---|
r-devel-linux-x86_64-debian-clang | 0.2.0 | 10.12 | 80.73 | 90.85 | NOTE | |
r-devel-linux-x86_64-debian-gcc | 0.2.0 | 7.10 | 60.96 | 68.06 | NOTE | |
r-devel-linux-x86_64-fedora-clang | 0.2.0 | 117.73 | NOTE | |||
r-devel-linux-x86_64-fedora-gcc | 0.2.0 | 111.31 | NOTE | |||
r-prerel-macos-arm64 | 0.2.0 | 33.00 | NOTE | |||
r-prerel-windows-x86_64 | 0.2.0 | 9.00 | 73.00 | 82.00 | NOTE | |
r-patched-linux-x86_64 | 0.2.0 | 6.23 | 77.59 | 83.82 | NOTE | |
r-release-linux-x86_64 | 0.2.0 | 6.40 | 78.70 | 85.10 | OK | |
r-release-macos-arm64 | 0.2.0 | 33.00 | OK | |||
r-release-macos-x86_64 | 0.2.0 | 53.00 | OK | |||
r-release-windows-x86_64 | 0.2.0 | 12.00 | 86.00 | 98.00 | OK | |
r-oldrel-macos-arm64 | 0.2.0 | 34.00 | OK | |||
r-oldrel-windows-x86_64 | 0.2.0 | 14.00 | 93.00 | 107.00 | OK |
Version: 0.2.0
Check: Rd files
Result: NOTE
checkRd: (-1) get_Basin.Rd:19: Lost braces; missing escapes or markup?
19 | looking at {nhdplusTools} as that has a lot of functionality and better documentation.
| ^
checkRd: (-1) get_basin_interactively.Rd:35: Lost braces; missing escapes or markup?
35 | shiny app. It uses the {elevatr} package for DEM and {whitebox} package to delineate the watershed.
| ^
checkRd: (-1) get_basin_interactively.Rd:35: Lost braces; missing escapes or markup?
35 | shiny app. It uses the {elevatr} package for DEM and {whitebox} package to delineate the watershed.
| ^
Flavors: r-devel-linux-x86_64-debian-clang, r-devel-linux-x86_64-debian-gcc, r-devel-linux-x86_64-fedora-clang, r-devel-linux-x86_64-fedora-gcc, r-prerel-macos-arm64, r-prerel-windows-x86_64, r-patched-linux-x86_64