Last updated on 2023-09-28 19:59:42 CEST.
Flavor | Version | Tinstall | Tcheck | Ttotal | Status | Flags |
---|---|---|---|---|---|---|
r-devel-linux-x86_64-debian-clang | 0.1.0 | 15.26 | 127.61 | 142.87 | NOTE | |
r-devel-linux-x86_64-debian-gcc | 0.1.0 | 11.61 | 93.29 | 104.90 | NOTE | |
r-devel-linux-x86_64-fedora-clang | 0.1.0 | 173.04 | NOTE | |||
r-devel-linux-x86_64-fedora-gcc | 0.1.0 | 166.26 | NOTE | |||
r-devel-windows-x86_64 | 0.1.0 | 16.00 | 103.00 | 119.00 | NOTE | |
r-patched-linux-x86_64 | 0.1.0 | 10.50 | 119.86 | 130.36 | NOTE | |
r-release-linux-x86_64 | 0.1.0 | 14.55 | 120.74 | 135.29 | NOTE | |
r-release-macos-arm64 | 0.1.0 | 48.00 | NOTE | |||
r-release-macos-x86_64 | 0.1.0 | 76.00 | NOTE | |||
r-release-windows-x86_64 | 0.1.0 | 20.00 | 123.00 | 143.00 | NOTE | |
r-oldrel-macos-arm64 | 0.1.0 | 49.00 | NOTE | |||
r-oldrel-macos-x86_64 | 0.1.0 | 87.00 | NOTE | |||
r-oldrel-windows-x86_64 | 0.1.0 | 17.00 | 128.00 | 145.00 | NOTE |
Version: 0.1.0
Check: LazyData
Result: NOTE
'LazyData' is specified without a 'data' directory
Flavors: r-devel-linux-x86_64-debian-clang, r-devel-linux-x86_64-debian-gcc, r-devel-linux-x86_64-fedora-clang, r-devel-linux-x86_64-fedora-gcc, r-devel-windows-x86_64, r-patched-linux-x86_64, r-release-linux-x86_64, r-release-macos-arm64, r-release-macos-x86_64, r-release-windows-x86_64, r-oldrel-macos-arm64, r-oldrel-macos-x86_64, r-oldrel-windows-x86_64