CRAN Package Check Results for Package gsynth

Last updated on 2023-06-09 19:56:25 CEST.

Flavor Version Tinstall Tcheck Ttotal Status Flags
r-devel-linux-x86_64-debian-clang 1.2.1 63.58 129.71 193.29 NOTE
r-devel-linux-x86_64-debian-gcc 1.2.1 56.33 96.76 153.09 NOTE
r-devel-linux-x86_64-fedora-clang 1.2.1 246.21 NOTE
r-devel-linux-x86_64-fedora-gcc 1.2.1 241.82 NOTE
r-devel-windows-x86_64 1.2.1 47.00 130.00 177.00 NOTE
r-patched-linux-x86_64 1.2.1 51.32 119.68 171.00 NOTE
r-release-linux-x86_64 1.2.1 57.25 120.84 178.09 NOTE
r-release-macos-arm64 1.2.1 68.00 NOTE
r-release-macos-x86_64 1.2.1 111.00 NOTE
r-release-windows-x86_64 1.2.1 66.00 154.00 220.00 NOTE
r-oldrel-macos-arm64 1.2.1 61.00 OK
r-oldrel-macos-x86_64 1.2.1 124.00 OK
r-oldrel-windows-x86_64 1.2.1 63.00 139.00 202.00 OK

Check Details

Version: 1.2.1
Check: C++ specification
Result: NOTE
     Specified C++11: please drop specification unless essential
Flavors: r-devel-linux-x86_64-debian-clang, r-devel-linux-x86_64-debian-gcc, r-devel-linux-x86_64-fedora-clang, r-devel-linux-x86_64-fedora-gcc, r-devel-windows-x86_64, r-patched-linux-x86_64, r-release-linux-x86_64, r-release-macos-arm64, r-release-macos-x86_64, r-release-windows-x86_64